Last updated on 2024-04-17 18:56:33 CEST.
Flavor | Version | Tinstall | Tcheck | Ttotal | Status | Flags |
---|---|---|---|---|---|---|
r-devel-linux-x86_64-debian-clang | 1.9.0 | 127.26 | 291.46 | 418.72 | OK | |
r-devel-linux-x86_64-debian-gcc | 1.9.0 | 90.38 | 194.94 | 285.32 | OK | |
r-devel-linux-x86_64-fedora-clang | 1.9.0 | 568.21 | OK | |||
r-devel-linux-x86_64-fedora-gcc | 1.9.0 | 559.62 | OK | |||
r-prerel-macos-arm64 | 1.9.0 | 111.00 | NOTE | |||
r-prerel-windows-x86_64 | 1.9.0 | 83.00 | 277.00 | 360.00 | OK | |
r-patched-linux-x86_64 | 1.9.0 | 116.64 | 269.15 | 385.79 | OK | |
r-release-linux-x86_64 | 1.9.0 | 115.42 | 270.18 | 385.60 | OK | |
r-release-macos-arm64 | 1.9.0 | 116.00 | NOTE | |||
r-release-macos-x86_64 | 1.9.0 | 358.00 | NOTE | |||
r-release-windows-x86_64 | 1.9.0 | 109.00 | 411.00 | 520.00 | OK | |
r-oldrel-macos-arm64 | 1.9.0 | 119.00 | NOTE | |||
r-oldrel-windows-x86_64 | 1.9.0 | 100.00 | 404.00 | 504.00 | OK |
Version: 1.9.0
Check: installed package size
Result: NOTE
installed size is 7.5Mb
sub-directories of 1Mb or more:
doc 1.7Mb
libs 5.5Mb
Flavors: r-prerel-macos-arm64, r-release-macos-arm64, r-release-macos-x86_64, r-oldrel-macos-arm64