Last updated on 2024-05-07 18:49:37 CEST.
Flavor | Version | Tinstall | Tcheck | Ttotal | Status | Flags |
---|---|---|---|---|---|---|
r-devel-linux-x86_64-debian-clang | 2.0 | 5.24 | 36.47 | 41.71 | NOTE | |
r-devel-linux-x86_64-debian-gcc | 2.0 | 3.88 | 28.39 | 32.27 | NOTE | |
r-devel-linux-x86_64-fedora-clang | 2.0 | 50.83 | OK | |||
r-devel-linux-x86_64-fedora-gcc | 2.0 | 49.86 | OK | |||
r-devel-windows-x86_64 | 2.0 | 6.00 | 64.00 | 70.00 | OK | |
r-patched-linux-x86_64 | 2.0 | 4.22 | 35.95 | 40.17 | NOTE | |
r-release-linux-x86_64 | 2.0 | 5.19 | 35.63 | 40.82 | NOTE | |
r-release-macos-arm64 | 2.0 | 21.00 | NOTE | |||
r-release-windows-x86_64 | 2.0 | 7.00 | 66.00 | 73.00 | OK | |
r-oldrel-macos-arm64 | 2.0 | 22.00 | NOTE | |||
r-oldrel-macos-x86_64 | 2.0 | 34.00 | NOTE | |||
r-oldrel-windows-x86_64 | 2.0 | 8.00 | 52.00 | 60.00 | NOTE |
Version: 2.0
Check: package dependencies
Result: NOTE
Package suggested but not available for checking: ‘INLA’
Flavors: r-devel-linux-x86_64-debian-clang, r-devel-linux-x86_64-debian-gcc, r-patched-linux-x86_64, r-release-linux-x86_64, r-release-macos-arm64, r-oldrel-macos-arm64, r-oldrel-macos-x86_64, r-oldrel-windows-x86_64