Last updated on 2024-05-07 18:49:38 CEST.
Flavor | Version | Tinstall | Tcheck | Ttotal | Status | Flags |
---|---|---|---|---|---|---|
r-devel-linux-x86_64-debian-clang | 1.3.2 | 43.19 | 421.07 | 464.26 | OK | |
r-devel-linux-x86_64-debian-gcc | 1.3.2 | 37.76 | 287.83 | 325.59 | OK | |
r-devel-linux-x86_64-fedora-clang | 1.3.2 | 571.82 | NOTE | |||
r-devel-linux-x86_64-fedora-gcc | 1.3.2 | 573.49 | NOTE | |||
r-devel-windows-x86_64 | 1.3.2 | 36.00 | 261.00 | 297.00 | OK | |
r-patched-linux-x86_64 | 1.3.2 | 42.21 | 395.01 | 437.22 | OK | |
r-release-linux-x86_64 | 1.3.2 | 33.29 | 387.05 | 420.34 | OK | |
r-release-macos-arm64 | 1.3.2 | 128.00 | OK | |||
r-release-windows-x86_64 | 1.3.2 | 37.00 | 263.00 | 300.00 | OK | |
r-oldrel-macos-arm64 | 1.3.2 | 120.00 | OK | |||
r-oldrel-macos-x86_64 | 1.3.2 | 304.00 | OK | |||
r-oldrel-windows-x86_64 | 1.3.2 | 50.00 | 350.00 | 400.00 | OK |
Version: 1.3.2
Check: data for non-ASCII characters
Result: NOTE
Note: found 493 marked UTF-8 strings
Flavors: r-devel-linux-x86_64-fedora-clang, r-devel-linux-x86_64-fedora-gcc