Last updated on 2024-05-07 06:55:44 CEST.
Flavor | Version | Tinstall | Tcheck | Ttotal | Status | Flags |
---|---|---|---|---|---|---|
r-devel-linux-x86_64-debian-clang | 1.4.4 | 182.13 | 155.79 | 337.92 | OK | |
r-devel-linux-x86_64-debian-gcc | 1.4.4 | 130.22 | 110.03 | 240.25 | OK | |
r-devel-linux-x86_64-fedora-clang | 1.4.4 | 446.41 | OK | |||
r-devel-linux-x86_64-fedora-gcc | 1.4.4 | 477.96 | OK | |||
r-devel-windows-x86_64 | 1.4.4 | 133.00 | 144.00 | 277.00 | OK | |
r-patched-linux-x86_64 | 1.4.4 | 163.71 | 149.05 | 312.76 | OK | |
r-release-linux-x86_64 | 1.4.4 | 180.36 | 147.61 | 327.97 | OK | |
r-release-macos-arm64 | 1.4.4 | 99.00 | NOTE | |||
r-release-windows-x86_64 | 1.4.4 | 134.00 | 140.00 | 274.00 | OK | |
r-oldrel-macos-arm64 | 1.4.4 | 107.00 | NOTE | |||
r-oldrel-macos-x86_64 | 1.4.4 | 159.00 | NOTE | |||
r-oldrel-windows-x86_64 | 1.4.4 | 168.00 | 175.00 | 343.00 | OK |
Version: 1.4.4
Check: installed package size
Result: NOTE
installed size is 14.4Mb
sub-directories of 1Mb or more:
libs 13.4Mb
Flavors: r-release-macos-arm64, r-oldrel-macos-arm64, r-oldrel-macos-x86_64