Last updated on 2024-05-07 18:49:39 CEST.
Flavor | Version | Tinstall | Tcheck | Ttotal | Status | Flags |
---|---|---|---|---|---|---|
r-devel-linux-x86_64-debian-clang | 1.2.3 | 29.47 | 190.71 | 220.18 | OK | |
r-devel-linux-x86_64-debian-gcc | 1.2.3 | 23.41 | 132.31 | 155.72 | OK | |
r-devel-linux-x86_64-fedora-clang | 1.2.3 | 269.90 | NOTE | |||
r-devel-linux-x86_64-fedora-gcc | 1.2.3 | 281.16 | OK | |||
r-devel-windows-x86_64 | 1.2.3 | 27.00 | 141.00 | 168.00 | OK | |
r-patched-linux-x86_64 | 1.2.3 | 18.39 | 179.89 | 198.28 | OK | |
r-release-linux-x86_64 | 1.2.3 | 20.12 | 177.36 | 197.48 | OK | |
r-release-macos-arm64 | 1.2.3 | 82.00 | OK | |||
r-release-windows-x86_64 | 1.2.3 | 27.00 | 141.00 | 168.00 | OK | |
r-oldrel-macos-arm64 | 1.2.3 | 80.00 | OK | |||
r-oldrel-macos-x86_64 | 1.2.3 | 164.00 | OK | |||
r-oldrel-windows-x86_64 | 1.2.3 | 34.00 | 169.00 | 203.00 | OK |
Version: 1.2.3
Check: installed package size
Result: NOTE
installed size is 8.1Mb
sub-directories of 1Mb or more:
libs 7.3Mb
Flavor: r-devel-linux-x86_64-fedora-clang