Last updated on 2024-03-28 17:49:22 CET.
Flavor | Version | Tinstall | Tcheck | Ttotal | Status | Flags |
---|---|---|---|---|---|---|
r-devel-linux-x86_64-debian-clang | 2.1 | 48.62 | 72.61 | 121.23 | WARN | |
r-devel-linux-x86_64-debian-gcc | 2.1 | 38.96 | 57.74 | 96.70 | NOTE | |
r-devel-linux-x86_64-fedora-clang | 2.1 | 157.52 | NOTE | |||
r-devel-linux-x86_64-fedora-gcc | 2.1 | 182.45 | NOTE | |||
r-devel-windows-x86_64 | 2.1 | 36.00 | 129.00 | 165.00 | NOTE | |
r-patched-linux-x86_64 | 2.1 | 42.81 | 75.00 | 117.81 | NOTE | |
r-release-linux-x86_64 | 2.1 | 44.15 | 75.23 | 119.38 | NOTE | |
r-release-macos-arm64 | 2.1 | 50.00 | NOTE | |||
r-release-macos-x86_64 | 2.1 | 80.00 | NOTE | |||
r-release-windows-x86_64 | 2.1 | 46.00 | 132.00 | 178.00 | NOTE | |
r-oldrel-macos-arm64 | 2.1 | 43.00 | OK | |||
r-oldrel-windows-x86_64 | 2.1 | 45.00 | 133.00 | 178.00 | OK |
Version: 2.1
Check: whether package can be installed
Result: WARN
Found the following significant warnings:
BHMSMA.cpp:59:8: warning: using integer absolute value function 'abs' when argument is of floating point type [-Wabsolute-value]
BHMSMA.cpp:143:7: warning: using integer absolute value function 'abs' when argument is of floating point type [-Wabsolute-value]
See ‘/home/hornik/tmp/R.check/r-devel-clang/Work/PKGS/BHMSMAfMRI.Rcheck/00install.out’ for details.
* used C++ compiler: ‘Debian clang version 18.1.0 (rc4-1)’
Flavor: r-devel-linux-x86_64-debian-clang
Version: 2.1
Check: C++ specification
Result: NOTE
Specified C++11: please drop specification unless essential
Flavors: r-devel-linux-x86_64-debian-clang, r-devel-linux-x86_64-debian-gcc, r-devel-linux-x86_64-fedora-clang, r-devel-linux-x86_64-fedora-gcc, r-devel-windows-x86_64, r-patched-linux-x86_64, r-release-linux-x86_64, r-release-macos-arm64, r-release-macos-x86_64, r-release-windows-x86_64
Version: 2.1
Check: Rd files
Result: NOTE
checkRd: (-1) fmridata.Rd:18: Lost braces in \itemize; meant \describe ?
checkRd: (-1) fmridata.Rd:19: Lost braces in \itemize; meant \describe ?
checkRd: (-1) fmridata.Rd:20: Lost braces in \itemize; meant \describe ?
checkRd: (-1) fmridata.Rd:21: Lost braces in \itemize; meant \describe ?
Flavors: r-devel-linux-x86_64-debian-clang, r-devel-linux-x86_64-debian-gcc, r-devel-linux-x86_64-fedora-clang, r-devel-linux-x86_64-fedora-gcc, r-devel-windows-x86_64, r-patched-linux-x86_64