CRAN Package Check Results for Package BIGDAWG

Last updated on 2018-07-19 18:49:09 CEST.

Flavor Version Tinstall Tcheck Ttotal Status Flags
r-devel-linux-x86_64-debian-clang 2.1 6.47 46.10 52.57 OK
r-devel-linux-x86_64-debian-gcc 2.1 5.07 41.35 46.42 OK
r-devel-linux-x86_64-fedora-clang 2.1 70.68 NOTE
r-devel-linux-x86_64-fedora-gcc 2.1 70.43 NOTE
r-devel-windows-ix86+x86_64 2.1 12.00 66.00 78.00 OK
r-patched-linux-x86_64 2.1 7.61 49.85 57.46 OK
r-patched-solaris-x86 2.1 103.00 NOTE
r-release-linux-x86_64 2.1 6.79 48.71 55.50 OK
r-release-windows-ix86+x86_64 2.1 20.00 92.00 112.00 OK
r-release-osx-x86_64 2.1 NOTE
r-oldrel-windows-ix86+x86_64 2.1 12.00 97.00 109.00 OK
r-oldrel-osx-x86_64 2.1 NOTE

Check Details

Version: 2.1
Check: dependencies in R code
Result: NOTE
    Namespaces in Imports field not imported from:
     ‘knitr’ ‘rmarkdown’
     All declared Imports should be used.
Flavors: r-devel-linux-x86_64-fedora-clang, r-devel-linux-x86_64-fedora-gcc, r-patched-solaris-x86, r-release-osx-x86_64, r-oldrel-osx-x86_64