CRAN Package Check Results for Package BIGDAWG

Last updated on 2018-04-20 18:54:47 CEST.

Flavor Version Tinstall Tcheck Ttotal Status Flags
r-devel-linux-x86_64-debian-clang 2.1 7.74 49.63 57.37 OK
r-devel-linux-x86_64-debian-gcc 2.1 6.73 38.91 45.64 OK
r-devel-linux-x86_64-fedora-clang 2.1 71.94 NOTE
r-devel-linux-x86_64-fedora-gcc 2.1 70.18 NOTE
r-devel-windows-ix86+x86_64 2.1 17.00 62.00 79.00 OK
r-devel-osx-x86_64 2.1 NOTE
r-patched-linux-x86_64 2.1 6.23 48.01 54.24 OK
r-patched-solaris-x86 2.1 100.20 NOTE
r-release-linux-x86_64 2.1 4.24 50.53 54.77 OK
r-release-windows-ix86+x86_64 2.1 11.00 148.00 159.00 OK
r-release-osx-x86_64 2.1 NOTE
r-oldrel-windows-ix86+x86_64 2.1 13.00 75.00 88.00 OK

Check Details

Version: 2.1
Check: dependencies in R code
Result: NOTE
    Namespaces in Imports field not imported from:
     ‘knitr’ ‘rmarkdown’
     All declared Imports should be used.
Flavors: r-devel-linux-x86_64-fedora-clang, r-devel-linux-x86_64-fedora-gcc, r-devel-osx-x86_64, r-patched-solaris-x86, r-release-osx-x86_64