CRAN Package Check Results for Package BIGDAWG

Last updated on 2018-01-21 16:48:55 CET.

Flavor Version Tinstall Tcheck Ttotal Status Flags
r-devel-linux-x86_64-debian-clang 1.16 3.23 46.73 49.96 NOTE
r-devel-linux-x86_64-debian-gcc 1.16 2.30 35.60 37.90 NOTE
r-devel-linux-x86_64-fedora-clang 1.16 59.41 NOTE
r-devel-linux-x86_64-fedora-gcc 1.16 59.47 NOTE
r-devel-windows-ix86+x86_64 1.16 8.00 55.00 63.00 OK
r-patched-linux-x86_64 1.16 2.83 45.26 48.09 OK
r-patched-solaris-x86 1.16 86.40 NOTE
r-release-linux-x86_64 1.16 4.03 44.86 48.89 OK
r-release-windows-ix86+x86_64 1.16 11.00 57.00 68.00 OK
r-release-osx-x86_64 1.16 NOTE
r-oldrel-windows-ix86+x86_64 1.16 10.00 54.00 64.00 OK
r-oldrel-osx-x86_64 1.16 NOTE

Check Details

Version: 1.16
Check: DESCRIPTION meta-information
Result: NOTE
    Dependence on R version ‘3.3.2’ not with patchlevel 0
Flavors: r-devel-linux-x86_64-debian-clang, r-devel-linux-x86_64-debian-gcc, r-devel-linux-x86_64-fedora-clang, r-devel-linux-x86_64-fedora-gcc

Version: 1.16
Check: dependencies in R code
Result: NOTE
    Namespaces in Imports field not imported from:
     ‘knitr’ ‘rmarkdown’
     All declared Imports should be used.
Flavors: r-devel-linux-x86_64-fedora-clang, r-devel-linux-x86_64-fedora-gcc, r-patched-solaris-x86, r-release-osx-x86_64, r-oldrel-osx-x86_64