CRAN Package Check Results for Package BIGDAWG

Last updated on 2018-10-21 06:46:26 CEST.

Flavor Version Tinstall Tcheck Ttotal Status Flags
r-devel-linux-x86_64-debian-clang 2.1 6.33 52.45 58.78 OK
r-devel-linux-x86_64-debian-gcc 2.1 6.23 41.38 47.61 OK
r-devel-linux-x86_64-fedora-clang 2.1 72.28 NOTE
r-devel-linux-x86_64-fedora-gcc 2.1 69.68 NOTE
r-devel-windows-ix86+x86_64 2.1 16.00 83.00 99.00 OK
r-patched-linux-x86_64 2.1 6.01 48.27 54.28 OK
r-patched-solaris-x86 2.1 102.70 NOTE
r-release-linux-x86_64 2.1 0.34 2.14 2.48 ERROR
r-release-windows-ix86+x86_64 2.1 17.00 80.00 97.00 OK
r-release-osx-x86_64 2.1 NOTE
r-oldrel-windows-ix86+x86_64 2.1 8.00 82.00 90.00 OK
r-oldrel-osx-x86_64 2.1 NOTE

Check Details

Version: 2.1
Check: dependencies in R code
Result: NOTE
    Namespaces in Imports field not imported from:
     ‘knitr’ ‘rmarkdown’
     All declared Imports should be used.
Flavors: r-devel-linux-x86_64-fedora-clang, r-devel-linux-x86_64-fedora-gcc, r-patched-solaris-x86, r-release-osx-x86_64, r-oldrel-osx-x86_64

Version: 2.1
Check: package dependencies
Result: ERROR
    Package required but not available: ‘haplo.stats’
    
    See section ‘The DESCRIPTION file’ in the ‘Writing R Extensions’
    manual.
Flavor: r-release-linux-x86_64