Last updated on 2024-04-23 06:56:48 CEST.
Flavor | Version | Tinstall | Tcheck | Ttotal | Status | Flags |
---|---|---|---|---|---|---|
r-devel-linux-x86_64-debian-clang | 4.7.6 | 12.50 | 476.79 | 489.29 | NOTE | |
r-devel-linux-x86_64-debian-gcc | 4.7.6 | 8.17 | 338.58 | 346.75 | NOTE | |
r-devel-linux-x86_64-fedora-clang | 4.7.6 | 567.74 | NOTE | |||
r-devel-linux-x86_64-fedora-gcc | 4.7.6 | 579.41 | NOTE | |||
r-prerel-macos-arm64 | 4.7.6 | 158.00 | NOTE | |||
r-prerel-windows-x86_64 | 4.7.6 | 12.00 | 315.00 | 327.00 | NOTE | |
r-patched-linux-x86_64 | 4.7.6 | 15.19 | 433.36 | 448.55 | NOTE | |
r-release-linux-x86_64 | 4.7.6 | 10.29 | 437.80 | 448.09 | NOTE | |
r-release-macos-arm64 | 4.7.6 | 209.00 | NOTE | |||
r-release-macos-x86_64 | 4.7.6 | 353.00 | NOTE | |||
r-release-windows-x86_64 | 4.7.6 | 16.00 | 432.00 | 448.00 | NOTE | |
r-oldrel-macos-arm64 | 4.7.6 | 183.00 | OK | |||
r-oldrel-windows-x86_64 | 4.7.6 | 15.00 | 433.00 | 448.00 | OK |
Version: 4.7.6
Check: Rd files
Result: NOTE
checkRd: (-1) BchronDensity.Rd:47: Lost braces in \itemize; \value handles \item{}{} directly
checkRd: (-1) BchronDensity.Rd:48: Lost braces in \itemize; \value handles \item{}{} directly
checkRd: (-1) BchronDensity.Rd:49: Lost braces in \itemize; \value handles \item{}{} directly
checkRd: (-1) BchronDensity.Rd:50: Lost braces in \itemize; \value handles \item{}{} directly
checkRd: (-1) BchronDensity.Rd:51: Lost braces in \itemize; \value handles \item{}{} directly
checkRd: (-1) BchronDensity.Rd:52: Lost braces in \itemize; \value handles \item{}{} directly
checkRd: (-1) BchronDensity.Rd:53: Lost braces in \itemize; \value handles \item{}{} directly
checkRd: (-1) BchronRSL.Rd:34-41: Lost braces
34 | itemize{
| ^
checkRd: (-1) Glendalough.Rd:19: Escaped LaTeX specials: \&
checkRd: (-1) Sluggan.Rd:19: Escaped LaTeX specials: \&
Flavors: r-devel-linux-x86_64-debian-clang, r-devel-linux-x86_64-debian-gcc, r-devel-linux-x86_64-fedora-clang, r-devel-linux-x86_64-fedora-gcc, r-prerel-macos-arm64, r-prerel-windows-x86_64, r-patched-linux-x86_64
Version: 4.7.6
Check: Rd files
Result: NOTE
checkRd: (-1) Glendalough.Rd:19: Escaped LaTeX specials: \&
checkRd: (-1) Sluggan.Rd:19: Escaped LaTeX specials: \&
Flavors: r-release-linux-x86_64, r-release-macos-arm64, r-release-macos-x86_64, r-release-windows-x86_64