Last updated on 2024-05-07 06:55:44 CEST.
Flavor | Version | Tinstall | Tcheck | Ttotal | Status | Flags |
---|---|---|---|---|---|---|
r-devel-linux-x86_64-debian-clang | 0.1.5 | 21.82 | 38.43 | 60.25 | OK | |
r-devel-linux-x86_64-debian-gcc | 0.1.5 | 14.75 | 28.34 | 43.09 | OK | |
r-devel-linux-x86_64-fedora-clang | 0.1.5 | 85.93 | NOTE | |||
r-devel-linux-x86_64-fedora-gcc | 0.1.5 | 118.95 | NOTE | |||
r-devel-windows-x86_64 | 0.1.5 | 18.00 | 67.00 | 85.00 | OK | |
r-patched-linux-x86_64 | 0.1.5 | 17.83 | 35.45 | 53.28 | OK | |
r-release-linux-x86_64 | 0.1.5 | 14.73 | 35.56 | 50.29 | OK | |
r-release-macos-arm64 | 0.1.5 | 27.00 | OK | |||
r-release-macos-x86_64 | 0.1.5 | 35.00 | OK | |||
r-release-windows-x86_64 | 0.1.5 | 19.00 | 66.00 | 85.00 | OK | |
r-oldrel-macos-arm64 | 0.1.5 | 27.00 | OK | |||
r-oldrel-macos-x86_64 | 0.1.5 | 38.00 | OK | |||
r-oldrel-windows-x86_64 | 0.1.5 | 23.00 | 70.00 | 93.00 | OK |
Version: 0.1.5
Check: dependencies in R code
Result: NOTE
Namespace in Imports field not imported from: ‘BiDAG’
All declared Imports should be used.
Flavors: r-devel-linux-x86_64-fedora-clang, r-devel-linux-x86_64-fedora-gcc