Last updated on 2024-05-07 18:49:39 CEST.
Flavor | Version | Tinstall | Tcheck | Ttotal | Status | Flags |
---|---|---|---|---|---|---|
r-devel-linux-x86_64-debian-clang | 0.2.10 | 38.83 | 63.75 | 102.58 | NOTE | |
r-devel-linux-x86_64-debian-gcc | 0.2.10 | 26.04 | 47.47 | 73.51 | NOTE | |
r-devel-linux-x86_64-fedora-clang | 0.2.10 | 133.56 | NOTE | |||
r-devel-linux-x86_64-fedora-gcc | 0.2.10 | 142.26 | NOTE | |||
r-devel-windows-x86_64 | 0.2.10 | 30.00 | 86.00 | 116.00 | NOTE | |
r-patched-linux-x86_64 | 0.2.10 | 32.63 | 59.34 | 91.97 | NOTE | |
r-release-linux-x86_64 | 0.2.10 | 30.62 | 59.87 | 90.49 | NOTE | |
r-release-macos-arm64 | 0.2.10 | 43.00 | NOTE | |||
r-release-windows-x86_64 | 0.2.10 | 32.00 | 84.00 | 116.00 | NOTE | |
r-oldrel-macos-arm64 | 0.2.10 | 45.00 | NOTE | |||
r-oldrel-macos-x86_64 | 0.2.10 | 66.00 | NOTE | |||
r-oldrel-windows-x86_64 | 0.2.10 | 36.00 | 99.00 | 135.00 | NOTE |
Version: 0.2.10
Check: LazyData
Result: NOTE
'LazyData' is specified without a 'data' directory
Flavors: r-devel-linux-x86_64-debian-clang, r-devel-linux-x86_64-debian-gcc, r-devel-linux-x86_64-fedora-clang, r-devel-linux-x86_64-fedora-gcc, r-devel-windows-x86_64, r-patched-linux-x86_64, r-release-linux-x86_64, r-release-macos-arm64, r-release-windows-x86_64, r-oldrel-macos-arm64, r-oldrel-macos-x86_64, r-oldrel-windows-x86_64