Last updated on 2024-04-19 06:56:10 CEST.
Flavor | Version | Tinstall | Tcheck | Ttotal | Status | Flags |
---|---|---|---|---|---|---|
r-devel-linux-x86_64-debian-clang | 0.2.2 | 2.04 | 26.54 | 28.58 | OK | |
r-devel-linux-x86_64-debian-gcc | 0.2.2 | OK | ||||
r-devel-linux-x86_64-fedora-clang | 0.2.2 | 36.58 | OK | |||
r-devel-linux-x86_64-fedora-gcc | 0.2.2 | 34.26 | OK | |||
r-prerel-macos-arm64 | 0.2.2 | 15.00 | OK | |||
r-prerel-windows-x86_64 | 0.2.2 | 3.00 | 43.00 | 46.00 | OK | |
r-patched-linux-x86_64 | 0.2.2 | 1.90 | 25.79 | 27.69 | OK | |
r-release-linux-x86_64 | 0.2.2 | 2.11 | 25.80 | 27.91 | OK | |
r-release-macos-arm64 | 0.2.2 | 18.00 | NOTE | |||
r-release-macos-x86_64 | 0.2.2 | 22.00 | NOTE | |||
r-release-windows-x86_64 | 0.2.2 | 3.00 | 43.00 | 46.00 | OK | |
r-oldrel-macos-arm64 | 0.2.2 | 19.00 | OK | |||
r-oldrel-windows-x86_64 | 0.2.2 | 4.00 | 48.00 | 52.00 | OK |
Version: 0.2.2
Check: package dependencies
Result: NOTE
Package suggested but not available for checking: ‘IHW’
Flavors: r-release-macos-arm64, r-release-macos-x86_64