Last updated on 2024-03-28 17:49:23 CET.
Flavor | Version | Tinstall | Tcheck | Ttotal | Status | Flags |
---|---|---|---|---|---|---|
r-devel-linux-x86_64-debian-clang | 0.9.15 | 2033.80 | 50.95 | 2084.75 | NOTE | |
r-devel-linux-x86_64-debian-gcc | 0.9.15 | 1698.10 | 52.43 | 1750.53 | NOTE | |
r-devel-linux-x86_64-fedora-clang | 0.9.15 | 3869.01 | NOTE | |||
r-devel-linux-x86_64-fedora-gcc | 0.9.15 | 3392.19 | NOTE | |||
r-devel-windows-x86_64 | 0.9.15 | 1725.00 | 79.00 | 1804.00 | NOTE | |
r-patched-linux-x86_64 | 0.9.15 | 2112.59 | 67.28 | 2179.87 | NOTE | |
r-release-linux-x86_64 | 0.9.15 | 2133.31 | 63.56 | 2196.87 | NOTE | |
r-release-macos-arm64 | 0.9.15 | 596.00 | NOTE | |||
r-release-macos-x86_64 | 0.9.15 | 460.00 | NOTE | |||
r-release-windows-x86_64 | 0.9.15 | 1651.00 | 87.00 | 1738.00 | NOTE | |
r-oldrel-macos-arm64 | 0.9.15 | 583.00 | NOTE | |||
r-oldrel-windows-x86_64 | 0.9.15 | 2071.00 | 90.00 | 2161.00 | NOTE |
Version: 0.9.15
Check: for GNU extensions in Makefiles
Result: NOTE
GNU make is a SystemRequirements.
Flavors: r-devel-linux-x86_64-debian-clang, r-devel-linux-x86_64-debian-gcc, r-devel-linux-x86_64-fedora-clang, r-devel-linux-x86_64-fedora-gcc, r-devel-windows-x86_64, r-patched-linux-x86_64, r-release-linux-x86_64, r-release-macos-arm64, r-release-macos-x86_64, r-release-windows-x86_64, r-oldrel-macos-arm64, r-oldrel-windows-x86_64
Version: 0.9.15
Check: installed package size
Result: NOTE
installed size is 46.6Mb
sub-directories of 1Mb or more:
include 10.8Mb
lib 35.4Mb
Flavors: r-devel-linux-x86_64-fedora-clang, r-devel-windows-x86_64, r-release-macos-arm64, r-release-macos-x86_64, r-release-windows-x86_64, r-oldrel-macos-arm64, r-oldrel-windows-x86_64