Last updated on 2024-03-28 17:49:24 CET.
Flavor | Version | Tinstall | Tcheck | Ttotal | Status | Flags |
---|---|---|---|---|---|---|
r-devel-linux-x86_64-debian-clang | 0.1.1 | 3.89 | 65.91 | 69.80 | NOTE | |
r-devel-linux-x86_64-debian-gcc | 0.1.1 | 2.86 | 48.64 | 51.50 | NOTE | |
r-devel-linux-x86_64-fedora-clang | 0.1.1 | 88.54 | NOTE | |||
r-devel-linux-x86_64-fedora-gcc | 0.1.1 | 94.75 | NOTE | |||
r-devel-windows-x86_64 | 0.1.1 | 4.00 | 73.00 | 77.00 | NOTE | |
r-patched-linux-x86_64 | 0.1.1 | 4.41 | 61.56 | 65.97 | NOTE | |
r-release-linux-x86_64 | 0.1.1 | 3.90 | 62.03 | 65.93 | NOTE | |
r-release-macos-arm64 | 0.1.1 | 34.00 | NOTE | |||
r-release-macos-x86_64 | 0.1.1 | 53.00 | NOTE | |||
r-release-windows-x86_64 | 0.1.1 | 5.00 | 81.00 | 86.00 | NOTE | |
r-oldrel-macos-arm64 | 0.1.1 | 30.00 | NOTE | |||
r-oldrel-windows-x86_64 | 0.1.1 | 5.00 | 83.00 | 88.00 | NOTE |
Version: 0.1.1
Check: LazyData
Result: NOTE
'LazyData' is specified without a 'data' directory
Flavors: r-devel-linux-x86_64-debian-clang, r-devel-linux-x86_64-debian-gcc, r-devel-linux-x86_64-fedora-clang, r-devel-linux-x86_64-fedora-gcc, r-devel-windows-x86_64, r-patched-linux-x86_64, r-release-linux-x86_64, r-release-macos-arm64, r-release-macos-x86_64, r-release-windows-x86_64, r-oldrel-macos-arm64, r-oldrel-windows-x86_64