Last updated on 2024-03-28 17:49:23 CET.
Flavor | Version | Tinstall | Tcheck | Ttotal | Status | Flags |
---|---|---|---|---|---|---|
r-devel-linux-x86_64-debian-clang | 1.3.0 | 10.70 | 171.59 | 182.29 | NOTE | |
r-devel-linux-x86_64-debian-gcc | 1.3.0 | 11.88 | 123.39 | 135.27 | NOTE | |
r-devel-linux-x86_64-fedora-clang | 1.3.0 | 222.48 | NOTE | |||
r-devel-linux-x86_64-fedora-gcc | 1.3.0 | 225.94 | NOTE | |||
r-devel-windows-x86_64 | 1.3.0 | 12.00 | 141.00 | 153.00 | OK | |
r-patched-linux-x86_64 | 1.3.0 | 15.33 | 162.73 | 178.06 | NOTE | |
r-release-linux-x86_64 | 1.3.0 | 12.11 | 163.96 | 176.07 | NOTE | |
r-release-macos-arm64 | 1.3.0 | 73.00 | OK | |||
r-release-macos-x86_64 | 1.3.0 | 132.00 | OK | |||
r-release-windows-x86_64 | 1.3.0 | 16.00 | 169.00 | 185.00 | OK | |
r-oldrel-macos-arm64 | 1.3.0 | 67.00 | OK | |||
r-oldrel-windows-x86_64 | 1.3.0 | 16.00 | 175.00 | 191.00 | OK |
Version: 1.3.0
Check: for non-standard things in the check directory
Result: NOTE
Found the following files/directories:
‘MDA231_tree.pdf’
Flavors: r-devel-linux-x86_64-debian-clang, r-devel-linux-x86_64-debian-gcc, r-devel-linux-x86_64-fedora-clang, r-devel-linux-x86_64-fedora-gcc, r-patched-linux-x86_64, r-release-linux-x86_64