Last updated on 2024-05-07 18:49:40 CEST.
Flavor | Version | Tinstall | Tcheck | Ttotal | Status | Flags |
---|---|---|---|---|---|---|
r-devel-linux-x86_64-debian-clang | 0.3.3 | 6.05 | 50.83 | 56.88 | OK | |
r-devel-linux-x86_64-debian-gcc | 0.3.3 | 4.28 | 37.25 | 41.53 | OK | |
r-devel-linux-x86_64-fedora-clang | 0.3.3 | 71.74 | NOTE | |||
r-devel-linux-x86_64-fedora-gcc | 0.3.3 | 78.76 | OK | |||
r-devel-windows-x86_64 | 0.3.3 | 6.00 | 60.00 | 66.00 | OK | |
r-patched-linux-x86_64 | 0.3.3 | 7.17 | 47.30 | 54.47 | OK | |
r-release-linux-x86_64 | 0.3.3 | 6.98 | 48.04 | 55.02 | OK | |
r-release-macos-arm64 | 0.3.3 | 30.00 | OK | |||
r-release-macos-x86_64 | 0.3.3 | 64.00 | OK | |||
r-release-windows-x86_64 | 0.3.3 | 6.00 | 60.00 | 66.00 | OK | |
r-oldrel-macos-arm64 | 0.3.3 | 36.00 | OK | |||
r-oldrel-macos-x86_64 | 0.3.3 | 58.00 | OK | |||
r-oldrel-windows-x86_64 | 0.3.3 | 9.00 | 63.00 | 72.00 | OK |
Version: 0.3.3
Check: Rd cross-references
Result: NOTE
Undeclared package ‘s2dv’ in Rd xrefs
Flavor: r-devel-linux-x86_64-fedora-clang