Last updated on 2024-04-25 18:49:21 CEST.
Flavor | Version | Tinstall | Tcheck | Ttotal | Status | Flags |
---|---|---|---|---|---|---|
r-devel-linux-x86_64-debian-clang | 2.1 | 2.79 | 40.54 | 43.33 | OK | |
r-devel-linux-x86_64-debian-gcc | 2.1 | 1.50 | 31.48 | 32.98 | OK | |
r-devel-linux-x86_64-fedora-clang | 2.1 | 56.22 | NOTE | |||
r-devel-linux-x86_64-fedora-gcc | 2.1 | 60.16 | NOTE | |||
r-devel-windows-x86_64 | 2.1 | 3.00 | 50.00 | 53.00 | OK | |
r-patched-linux-x86_64 | 2.1 | 2.70 | 39.37 | 42.07 | OK | |
r-release-linux-x86_64 | 2.1 | 2.80 | 38.89 | 41.69 | OK | |
r-release-macos-arm64 | 2.1 | 26.00 | OK | |||
r-release-windows-x86_64 | 2.1 | 3.00 | 50.00 | 53.00 | OK | |
r-oldrel-macos-arm64 | 2.1 | 27.00 | OK | |||
r-oldrel-macos-x86_64 | 2.1 | 40.00 | OK | |||
r-oldrel-windows-x86_64 | 2.1 | 5.00 | 55.00 | 60.00 | OK |
Version: 2.1
Check: dependencies in R code
Result: NOTE
Namespaces in Imports field not imported from:
‘sp’ ‘spdep’
All declared Imports should be used.
Flavors: r-devel-linux-x86_64-fedora-clang, r-devel-linux-x86_64-fedora-gcc