Last updated on 2024-05-05 18:53:33 CEST.
Flavor | Version | Tinstall | Tcheck | Ttotal | Status | Flags |
---|---|---|---|---|---|---|
r-devel-linux-x86_64-debian-clang | 1.1.2 | 5.26 | 50.80 | 56.06 | NOTE | |
r-devel-linux-x86_64-debian-gcc | 1.1.2 | 5.16 | 37.91 | 43.07 | NOTE | |
r-devel-linux-x86_64-fedora-clang | 1.1.2 | 72.90 | NOTE | |||
r-devel-linux-x86_64-fedora-gcc | 1.1.2 | 70.75 | NOTE | |||
r-devel-windows-x86_64 | 1.1.2 | 7.00 | 59.00 | 66.00 | OK | |
r-patched-linux-x86_64 | 1.1.2 | 6.86 | 48.75 | 55.61 | NOTE | |
r-release-linux-x86_64 | 1.1.2 | 4.41 | 48.32 | 52.73 | NOTE | |
r-release-macos-arm64 | 1.1.2 | 24.00 | OK | |||
r-release-windows-x86_64 | 1.1.2 | 7.00 | 58.00 | 65.00 | OK | |
r-oldrel-macos-arm64 | 1.1.2 | 25.00 | OK | |||
r-oldrel-macos-x86_64 | 1.1.2 | 38.00 | NOTE | |||
r-oldrel-windows-x86_64 | 1.1.2 | 9.00 | 65.00 | 74.00 | OK |
Version: 1.1.2
Check: package dependencies
Result: NOTE
Package suggested but not available for checking: ‘wTO’
Flavors: r-devel-linux-x86_64-debian-clang, r-devel-linux-x86_64-debian-gcc, r-devel-linux-x86_64-fedora-clang, r-devel-linux-x86_64-fedora-gcc, r-patched-linux-x86_64, r-release-linux-x86_64, r-oldrel-macos-x86_64