Last updated on 2024-05-07 06:55:47 CEST.
Flavor | Version | Tinstall | Tcheck | Ttotal | Status | Flags |
---|---|---|---|---|---|---|
r-devel-linux-x86_64-debian-clang | 1.0.4 | 9.76 | 118.26 | 128.02 | NOTE | |
r-devel-linux-x86_64-debian-gcc | 1.0.4 | 6.46 | 84.33 | 90.79 | NOTE | |
r-devel-linux-x86_64-fedora-clang | 1.0.4 | 156.64 | NOTE | |||
r-devel-linux-x86_64-fedora-gcc | 1.0.4 | 163.88 | NOTE | |||
r-devel-windows-x86_64 | 1.0.4 | 8.00 | 107.00 | 115.00 | NOTE | |
r-patched-linux-x86_64 | 1.0.4 | 8.81 | 111.81 | 120.62 | NOTE | |
r-release-linux-x86_64 | 1.0.4 | 10.53 | 112.14 | 122.67 | NOTE | |
r-release-macos-arm64 | 1.0.4 | 52.00 | NOTE | |||
r-release-windows-x86_64 | 1.0.4 | 8.00 | 107.00 | 115.00 | NOTE | |
r-oldrel-macos-arm64 | 1.0.4 | 58.00 | NOTE | |||
r-oldrel-macos-x86_64 | 1.0.4 | 89.00 | NOTE | |||
r-oldrel-windows-x86_64 | 1.0.4 | 11.00 | 123.00 | 134.00 | NOTE |
Version: 1.0.4
Check: LazyData
Result: NOTE
'LazyData' is specified without a 'data' directory
Flavors: r-devel-linux-x86_64-debian-clang, r-devel-linux-x86_64-debian-gcc, r-devel-linux-x86_64-fedora-clang, r-devel-linux-x86_64-fedora-gcc, r-devel-windows-x86_64, r-patched-linux-x86_64, r-release-linux-x86_64, r-release-macos-arm64, r-release-windows-x86_64, r-oldrel-macos-arm64, r-oldrel-macos-x86_64, r-oldrel-windows-x86_64