Last updated on 2024-05-07 06:55:46 CEST.
Flavor | Version | Tinstall | Tcheck | Ttotal | Status | Flags |
---|---|---|---|---|---|---|
r-devel-linux-x86_64-debian-clang | 1.0.3 | 5.82 | 49.11 | 54.93 | OK | |
r-devel-linux-x86_64-debian-gcc | 1.0.3 | 4.68 | 37.28 | 41.96 | OK | |
r-devel-linux-x86_64-fedora-clang | 1.0.3 | 69.43 | NOTE | |||
r-devel-linux-x86_64-fedora-gcc | 1.0.3 | 75.04 | OK | |||
r-devel-windows-x86_64 | 1.0.3 | 6.00 | 57.00 | 63.00 | NOTE | |
r-patched-linux-x86_64 | 1.0.3 | 5.88 | 47.34 | 53.22 | OK | |
r-release-linux-x86_64 | 1.0.3 | 4.53 | 47.38 | 51.91 | OK | |
r-release-macos-arm64 | 1.0.3 | 31.00 | NOTE | |||
r-release-windows-x86_64 | 1.0.3 | 7.00 | 58.00 | 65.00 | NOTE | |
r-oldrel-macos-arm64 | 1.0.3 | 36.00 | NOTE | |||
r-oldrel-macos-x86_64 | 1.0.3 | 68.00 | NOTE | |||
r-oldrel-windows-x86_64 | 1.0.3 | 8.00 | 57.00 | 65.00 | NOTE |
Version: 1.0.3
Check: installed package size
Result: NOTE
installed size is 7.5Mb
sub-directories of 1Mb or more:
doc 2.3Mb
vignette_data 2.6Mb
Flavors: r-devel-linux-x86_64-fedora-clang, r-devel-windows-x86_64, r-release-macos-arm64, r-release-windows-x86_64, r-oldrel-macos-arm64, r-oldrel-macos-x86_64, r-oldrel-windows-x86_64