Last updated on 2024-03-28 17:49:25 CET.
Flavor | Version | Tinstall | Tcheck | Ttotal | Status | Flags |
---|---|---|---|---|---|---|
r-devel-linux-x86_64-debian-clang | 2.60 | 4.49 | 83.63 | 88.12 | NOTE | |
r-devel-linux-x86_64-debian-gcc | 2.60 | 5.44 | 68.40 | 73.84 | NOTE | |
r-devel-linux-x86_64-fedora-clang | 2.60 | 114.38 | NOTE | |||
r-devel-linux-x86_64-fedora-gcc | 2.60 | 126.79 | NOTE | |||
r-devel-windows-x86_64 | 2.60 | 6.00 | 95.00 | 101.00 | NOTE | |
r-patched-linux-x86_64 | 2.60 | 6.25 | 84.80 | 91.05 | NOTE | |
r-release-linux-x86_64 | 2.60 | 5.15 | 81.16 | 86.31 | OK | |
r-release-macos-arm64 | 2.60 | 59.00 | OK | |||
r-release-macos-x86_64 | 2.60 | 86.00 | OK | |||
r-release-windows-x86_64 | 2.60 | 8.00 | 109.00 | 117.00 | OK | |
r-oldrel-macos-arm64 | 2.60 | 53.00 | OK | |||
r-oldrel-windows-x86_64 | 2.60 | 9.00 | 115.00 | 124.00 | OK |
Version: 2.60
Check: Rd files
Result: NOTE
checkRd: (-1) Sample.data.Rd:11: Lost braces in \itemize; meant \describe ?
checkRd: (-1) Sample.data.Rd:12: Lost braces in \itemize; meant \describe ?
checkRd: (-1) Sample.data.Rd:13: Lost braces in \itemize; meant \describe ?
checkRd: (-1) Sample.data.Rd:19: Lost braces in \itemize; meant \describe ?
checkRd: (-1) Sample.data.Rd:20: Lost braces in \itemize; meant \describe ?
checkRd: (-1) Sample.data.Rd:21: Lost braces in \itemize; meant \describe ?
Flavors: r-devel-linux-x86_64-debian-clang, r-devel-linux-x86_64-debian-gcc, r-devel-linux-x86_64-fedora-clang, r-devel-linux-x86_64-fedora-gcc, r-devel-windows-x86_64, r-patched-linux-x86_64