Last updated on 2024-03-28 17:49:25 CET.
Flavor | Version | Tinstall | Tcheck | Ttotal | Status | Flags |
---|---|---|---|---|---|---|
r-devel-linux-x86_64-debian-clang | 5.2.2 | 107.50 | 133.05 | 240.55 | OK | |
r-devel-linux-x86_64-debian-gcc | 5.2.2 | 88.75 | 100.91 | 189.66 | OK | |
r-devel-linux-x86_64-fedora-clang | 5.2.2 | 327.06 | OK | |||
r-devel-linux-x86_64-fedora-gcc | 5.2.2 | 344.62 | OK | |||
r-devel-windows-x86_64 | 5.2.2 | 94.00 | 147.00 | 241.00 | OK | |
r-patched-linux-x86_64 | 5.2.2 | 117.31 | 135.31 | 252.62 | OK | |
r-release-linux-x86_64 | 5.2.2 | 107.51 | 135.69 | 243.20 | OK | |
r-release-macos-arm64 | 5.2.2 | 80.00 | NOTE | |||
r-release-macos-x86_64 | 5.2.2 | 203.00 | NOTE | |||
r-release-windows-x86_64 | 5.2.2 | 116.00 | 178.00 | 294.00 | OK | |
r-oldrel-macos-arm64 | 5.2.2 | 78.00 | NOTE | |||
r-oldrel-windows-x86_64 | 5.2.2 | 107.00 | 169.00 | 276.00 | OK |
Version: 5.2.2
Check: installed package size
Result: NOTE
installed size is 7.8Mb
sub-directories of 1Mb or more:
libs 7.3Mb
Flavors: r-release-macos-arm64, r-release-macos-x86_64, r-oldrel-macos-arm64