Last updated on 2024-03-28 17:49:25 CET.
Flavor | Version | Tinstall | Tcheck | Ttotal | Status | Flags |
---|---|---|---|---|---|---|
r-devel-linux-x86_64-debian-clang | 1.0-0 | 3.26 | 38.32 | 41.58 | NOTE | |
r-devel-linux-x86_64-debian-gcc | 1.0-0 | 2.96 | 28.46 | 31.42 | NOTE | |
r-devel-linux-x86_64-fedora-clang | 1.0-0 | 53.02 | NOTE | |||
r-devel-linux-x86_64-fedora-gcc | 1.0-0 | 51.68 | NOTE | |||
r-devel-windows-x86_64 | 1.0-0 | 4.00 | 50.00 | 54.00 | NOTE | |
r-patched-linux-x86_64 | 1.0-0 | 5.01 | 36.49 | 41.50 | NOTE | |
r-release-linux-x86_64 | 1.0-0 | 3.07 | 36.68 | 39.75 | OK | |
r-release-macos-arm64 | 1.0-0 | 19.00 | OK | |||
r-release-macos-x86_64 | 1.0-0 | 27.00 | OK | |||
r-release-windows-x86_64 | 1.0-0 | 4.00 | 55.00 | 59.00 | OK | |
r-oldrel-macos-arm64 | 1.0-0 | 19.00 | OK | |||
r-oldrel-windows-x86_64 | 1.0-0 | 18.00 | 57.00 | 75.00 | OK |
Version: 1.0-0
Check: Rd files
Result: NOTE
checkRd: (-1) detectAgeInterval.Rd:10: Lost braces
10 | \item{Dat}{a \code{data.frame} containing a column called \code{Age}, or code{age}.}
| ^
checkRd: (-1) detectSex.Rd:10: Lost braces
10 | \item{Dat}{a \code{data.frame} containing a column called \code{Sex}, or code{sex}.}
| ^
checkRd: (-1) ggbgetAgesFit.Rd:28: Lost braces
28 | code{\link{ggbChooseAges}}
| ^
Flavors: r-devel-linux-x86_64-debian-clang, r-devel-linux-x86_64-debian-gcc, r-devel-linux-x86_64-fedora-clang, r-devel-linux-x86_64-fedora-gcc, r-devel-windows-x86_64, r-patched-linux-x86_64