Last updated on 2024-05-07 06:55:48 CEST.
Flavor | Version | Tinstall | Tcheck | Ttotal | Status | Flags |
---|---|---|---|---|---|---|
r-devel-linux-x86_64-debian-clang | 1.2.2 | 0.56 | 2.10 | 2.66 | ERROR | |
r-devel-linux-x86_64-debian-gcc | 1.2.2 | 57.57 | 397.79 | 455.36 | OK | |
r-devel-linux-x86_64-fedora-clang | 1.2.2 | 836.58 | OK | |||
r-devel-linux-x86_64-fedora-gcc | 1.2.2 | 743.78 | OK | |||
r-devel-windows-x86_64 | 1.2.2 | 62.00 | 353.00 | 415.00 | OK | |
r-patched-linux-x86_64 | 1.2.2 | 46.35 | 503.23 | 549.58 | OK | |
r-release-linux-x86_64 | 1.2.2 | 47.58 | 517.20 | 564.78 | OK | |
r-release-macos-arm64 | 1.2.2 | 190.00 | OK | |||
r-release-macos-x86_64 | 1.2.2 | 385.00 | OK | |||
r-release-windows-x86_64 | 1.2.2 | 60.00 | 375.00 | 435.00 | OK | |
r-oldrel-macos-arm64 | 1.2.2 | 194.00 | OK | |||
r-oldrel-macos-x86_64 | 1.2.2 | 431.00 | OK | |||
r-oldrel-windows-x86_64 | 1.2.2 | 80.00 | 482.00 | 562.00 | OK |
Version: 1.2.2
Check: package dependencies
Result: ERROR
Packages required but not available:
'SingleCellExperiment', 'TSCAN', 'AnnotationDbi', 'org.Hs.eg.db'
See section ‘The DESCRIPTION file’ in the ‘Writing R Extensions’
manual.
Flavor: r-devel-linux-x86_64-debian-clang