Last updated on 2024-04-19 06:56:14 CEST.
Flavor | Version | Tinstall | Tcheck | Ttotal | Status | Flags |
---|---|---|---|---|---|---|
r-devel-linux-x86_64-debian-clang | 0.2-4 | 76.43 | 85.01 | 161.44 | NOTE | |
r-devel-linux-x86_64-debian-gcc | 0.2-4 | NOTE | ||||
r-devel-linux-x86_64-fedora-clang | 0.2-4 | 237.99 | NOTE | |||
r-devel-linux-x86_64-fedora-gcc | 0.2-4 | 230.07 | NOTE | |||
r-prerel-macos-arm64 | 0.2-4 | 61.00 | NOTE | |||
r-prerel-windows-x86_64 | 0.2-4 | 63.00 | 104.00 | 167.00 | NOTE | |
r-patched-linux-x86_64 | 0.2-4 | 74.87 | 82.85 | 157.72 | NOTE | |
r-release-linux-x86_64 | 0.2-4 | 69.68 | 82.89 | 152.57 | NOTE | |
r-release-macos-arm64 | 0.2-4 | 65.00 | NOTE | |||
r-release-macos-x86_64 | 0.2-4 | 91.00 | NOTE | |||
r-release-windows-x86_64 | 0.2-4 | 75.00 | 125.00 | 200.00 | NOTE | |
r-oldrel-macos-arm64 | 0.2-4 | 60.00 | NOTE | |||
r-oldrel-windows-x86_64 | 0.2-4 | 77.00 | 125.00 | 202.00 | NOTE |
Version: 0.2-4
Check: C++ specification
Result: NOTE
Specified C++11: please drop specification unless essential
Flavors: r-devel-linux-x86_64-debian-clang, r-devel-linux-x86_64-debian-gcc, r-devel-linux-x86_64-fedora-clang, r-devel-linux-x86_64-fedora-gcc, r-prerel-macos-arm64, r-prerel-windows-x86_64, r-patched-linux-x86_64, r-release-linux-x86_64, r-release-macos-arm64, r-release-macos-x86_64, r-release-windows-x86_64
Version: 0.2-4
Check: for GNU extensions in Makefiles
Result: NOTE
GNU make is a SystemRequirements.
Flavors: r-devel-linux-x86_64-debian-clang, r-devel-linux-x86_64-debian-gcc, r-devel-linux-x86_64-fedora-clang, r-devel-linux-x86_64-fedora-gcc, r-prerel-macos-arm64, r-prerel-windows-x86_64, r-patched-linux-x86_64, r-release-linux-x86_64, r-release-macos-arm64, r-release-windows-x86_64, r-oldrel-macos-arm64, r-oldrel-windows-x86_64