Last updated on 2024-03-28 06:01:23 CET.
Flavor | Version | Tinstall | Tcheck | Ttotal | Status | Flags |
---|---|---|---|---|---|---|
r-devel-linux-x86_64-debian-clang | 1.1 | 12.03 | 99.57 | 111.60 | NOTE | |
r-devel-linux-x86_64-debian-gcc | 1.1 | 7.59 | 75.02 | 82.61 | NOTE | |
r-devel-linux-x86_64-fedora-clang | 1.1 | 137.87 | NOTE | |||
r-devel-linux-x86_64-fedora-gcc | 1.1 | 149.69 | NOTE | |||
r-devel-windows-x86_64 | 1.1 | 9.00 | 84.00 | 93.00 | NOTE | |
r-patched-linux-x86_64 | 1.1 | 11.45 | 99.80 | 111.25 | NOTE | |
r-release-linux-x86_64 | 1.1 | 11.03 | 96.55 | 107.58 | NOTE | |
r-release-macos-arm64 | 1.1 | 45.00 | NOTE | |||
r-release-macos-x86_64 | 1.1 | 79.00 | NOTE | |||
r-release-windows-x86_64 | 1.1 | 14.00 | 102.00 | 116.00 | NOTE | |
r-oldrel-macos-arm64 | 1.1 | 44.00 | NOTE | |||
r-oldrel-windows-x86_64 | 1.1 | 13.00 | 106.00 | 119.00 | NOTE |
Version: 1.1
Check: LazyData
Result: NOTE
'LazyData' is specified without a 'data' directory
Flavors: r-devel-linux-x86_64-debian-clang, r-devel-linux-x86_64-debian-gcc, r-devel-linux-x86_64-fedora-clang, r-devel-linux-x86_64-fedora-gcc, r-devel-windows-x86_64, r-patched-linux-x86_64, r-release-linux-x86_64, r-release-macos-arm64, r-release-macos-x86_64, r-release-windows-x86_64, r-oldrel-macos-arm64, r-oldrel-windows-x86_64