Last updated on 2024-05-07 06:55:47 CEST.
Flavor | Version | Tinstall | Tcheck | Ttotal | Status | Flags |
---|---|---|---|---|---|---|
r-devel-linux-x86_64-debian-clang | 0.3.0 | 6.86 | 64.22 | 71.08 | NOTE | |
r-devel-linux-x86_64-debian-gcc | 0.3.0 | 6.47 | 48.57 | 55.04 | NOTE | |
r-devel-linux-x86_64-fedora-clang | 0.3.0 | 89.86 | NOTE | |||
r-devel-linux-x86_64-fedora-gcc | 0.3.0 | 85.98 | NOTE | |||
r-devel-windows-x86_64 | 0.3.0 | 7.00 | 63.00 | 70.00 | NOTE | |
r-patched-linux-x86_64 | 0.3.0 | 6.03 | 61.13 | 67.16 | NOTE | |
r-release-linux-x86_64 | 0.3.0 | 6.70 | 60.79 | 67.49 | NOTE | |
r-release-macos-arm64 | 0.3.0 | 28.00 | NOTE | |||
r-release-windows-x86_64 | 0.3.0 | 7.00 | 63.00 | 70.00 | NOTE | |
r-oldrel-macos-arm64 | 0.3.0 | 33.00 | NOTE | |||
r-oldrel-macos-x86_64 | 0.3.0 | 49.00 | NOTE | |||
r-oldrel-windows-x86_64 | 0.3.0 | 10.00 | 76.00 | 86.00 | NOTE |
Version: 0.3.0
Check: LazyData
Result: NOTE
'LazyData' is specified without a 'data' directory
Flavors: r-devel-linux-x86_64-debian-clang, r-devel-linux-x86_64-debian-gcc, r-devel-linux-x86_64-fedora-clang, r-devel-linux-x86_64-fedora-gcc, r-devel-windows-x86_64, r-patched-linux-x86_64, r-release-linux-x86_64, r-release-macos-arm64, r-release-windows-x86_64, r-oldrel-macos-arm64, r-oldrel-macos-x86_64, r-oldrel-windows-x86_64