Last updated on 2024-04-18 18:57:31 CEST.
Flavor | Version | Tinstall | Tcheck | Ttotal | Status | Flags |
---|---|---|---|---|---|---|
r-devel-linux-x86_64-debian-clang | 0.1.2 | 7.95 | 75.46 | 83.41 | NOTE | |
r-devel-linux-x86_64-debian-gcc | 0.1.2 | 5.97 | 55.74 | 61.71 | NOTE | |
r-devel-linux-x86_64-fedora-clang | 0.1.2 | 104.05 | NOTE | |||
r-devel-linux-x86_64-fedora-gcc | 0.1.2 | 112.25 | NOTE | |||
r-prerel-macos-arm64 | 0.1.2 | 30.00 | NOTE | |||
r-prerel-windows-x86_64 | 0.1.2 | 7.00 | 74.00 | 81.00 | NOTE | |
r-patched-linux-x86_64 | 0.1.2 | 8.13 | 74.33 | 82.46 | NOTE | |
r-release-linux-x86_64 | 0.1.2 | 7.83 | 73.16 | 80.99 | NOTE | |
r-release-macos-arm64 | 0.1.2 | 32.00 | NOTE | |||
r-release-macos-x86_64 | 0.1.2 | 46.00 | NOTE | |||
r-release-windows-x86_64 | 0.1.2 | 6.00 | 78.00 | 84.00 | NOTE | |
r-oldrel-macos-arm64 | 0.1.2 | 37.00 | NOTE | |||
r-oldrel-windows-x86_64 | 0.1.2 | 10.00 | 82.00 | 92.00 | NOTE |
Version: 0.1.2
Check: LazyData
Result: NOTE
'LazyData' is specified without a 'data' directory
Flavors: r-devel-linux-x86_64-debian-clang, r-devel-linux-x86_64-debian-gcc, r-devel-linux-x86_64-fedora-clang, r-devel-linux-x86_64-fedora-gcc, r-prerel-macos-arm64, r-prerel-windows-x86_64, r-patched-linux-x86_64, r-release-linux-x86_64, r-release-macos-arm64, r-release-macos-x86_64, r-release-windows-x86_64, r-oldrel-macos-arm64, r-oldrel-windows-x86_64