Last updated on 2024-05-07 18:49:43 CEST.
Flavor | Version | Tinstall | Tcheck | Ttotal | Status | Flags |
---|---|---|---|---|---|---|
r-devel-linux-x86_64-debian-clang | 2.0.0 | 7.75 | 68.24 | 75.99 | NOTE | |
r-devel-linux-x86_64-debian-gcc | 2.0.0 | 5.35 | 52.59 | 57.94 | NOTE | |
r-devel-linux-x86_64-fedora-clang | 2.0.0 | 97.25 | NOTE | |||
r-devel-linux-x86_64-fedora-gcc | 2.0.0 | 89.79 | NOTE | |||
r-devel-windows-x86_64 | 2.0.0 | 7.00 | 67.00 | 74.00 | NOTE | |
r-patched-linux-x86_64 | 2.0.0 | 6.37 | 65.52 | 71.89 | NOTE | |
r-release-linux-x86_64 | 2.0.0 | 7.16 | 66.17 | 73.33 | NOTE | |
r-release-macos-arm64 | 2.0.0 | 30.00 | NOTE | |||
r-release-windows-x86_64 | 2.0.0 | 8.00 | 67.00 | 75.00 | NOTE | |
r-oldrel-macos-arm64 | 2.0.0 | 31.00 | NOTE | |||
r-oldrel-macos-x86_64 | 2.0.0 | 49.00 | NOTE | |||
r-oldrel-windows-x86_64 | 2.0.0 | 9.00 | 77.00 | 86.00 | NOTE |
Version: 2.0.0
Check: Rd files
Result: NOTE
checkRd: (-1) TempDisaggDGP.Rd:79: Escaped LaTeX specials: \&
checkRd: (-1) disaggregate.Rd:56: Escaped LaTeX specials: \&
Flavors: r-devel-linux-x86_64-debian-clang, r-devel-linux-x86_64-debian-gcc, r-devel-linux-x86_64-fedora-clang, r-devel-linux-x86_64-fedora-gcc, r-devel-windows-x86_64, r-patched-linux-x86_64, r-release-linux-x86_64, r-release-macos-arm64, r-release-windows-x86_64, r-oldrel-macos-arm64, r-oldrel-macos-x86_64, r-oldrel-windows-x86_64