Last updated on 2024-03-28 06:01:23 CET.
Flavor | Version | Tinstall | Tcheck | Ttotal | Status | Flags |
---|---|---|---|---|---|---|
r-devel-linux-x86_64-debian-clang | 1.0-1 | 6.39 | 56.90 | 63.29 | NOTE | |
r-devel-linux-x86_64-debian-gcc | 1.0-1 | 5.62 | 42.66 | 48.28 | NOTE | |
r-devel-linux-x86_64-fedora-clang | 1.0-1 | 80.71 | NOTE | |||
r-devel-linux-x86_64-fedora-gcc | 1.0-1 | 82.72 | NOTE | |||
r-devel-windows-x86_64 | 1.0-1 | 7.00 | 61.00 | 68.00 | NOTE | |
r-patched-linux-x86_64 | 1.0-1 | 10.18 | 56.58 | 66.76 | NOTE | |
r-release-linux-x86_64 | 1.0-1 | 7.43 | 56.31 | 63.74 | NOTE | |
r-release-macos-arm64 | 1.0-1 | 27.00 | NOTE | |||
r-release-macos-x86_64 | 1.0-1 | 60.00 | NOTE | |||
r-release-windows-x86_64 | 1.0-1 | 9.00 | 69.00 | 78.00 | NOTE | |
r-oldrel-macos-arm64 | 1.0-1 | 24.00 | NOTE | |||
r-oldrel-windows-x86_64 | 1.0-1 | 10.00 | 73.00 | 83.00 | NOTE |
Version: 1.0-1
Check: package dependencies
Result: NOTE
Package which this enhances but not available for checking: ‘gurobi’
Flavors: r-devel-linux-x86_64-debian-clang, r-devel-linux-x86_64-debian-gcc, r-devel-linux-x86_64-fedora-clang, r-devel-linux-x86_64-fedora-gcc, r-devel-windows-x86_64, r-patched-linux-x86_64, r-release-linux-x86_64, r-release-macos-arm64, r-release-macos-x86_64, r-release-windows-x86_64, r-oldrel-macos-arm64, r-oldrel-windows-x86_64