Last updated on 2024-04-19 19:50:12 CEST.
Flavor | Version | Tinstall | Tcheck | Ttotal | Status | Flags |
---|---|---|---|---|---|---|
r-devel-linux-x86_64-debian-clang | 0.12 | 21.10 | 148.85 | 169.95 | OK | |
r-devel-linux-x86_64-debian-gcc | 0.12 | OK | ||||
r-devel-linux-x86_64-fedora-clang | 0.12 | 210.14 | OK | |||
r-devel-linux-x86_64-fedora-gcc | 0.12 | 195.90 | OK | |||
r-prerel-macos-arm64 | 0.12 | 52.00 | OK | |||
r-prerel-windows-x86_64 | 0.12 | 19.00 | 140.00 | 159.00 | OK | |
r-patched-linux-x86_64 | 0.12 | 18.58 | 137.93 | 156.51 | OK | |
r-release-linux-x86_64 | 0.12 | 17.62 | 139.69 | 157.31 | OK | |
r-release-macos-arm64 | 0.12 | 55.00 | OK | |||
r-release-macos-x86_64 | 0.12 | 97.00 | NOTE | |||
r-release-windows-x86_64 | 0.12 | 25.00 | 177.00 | 202.00 | OK | |
r-oldrel-macos-arm64 | 0.12 | 47.00 | OK | |||
r-oldrel-windows-x86_64 | 0.12 | 24.00 | 157.00 | 181.00 | OK |
Version: 0.12
Check: package dependencies
Result: NOTE
Package suggested but not available for checking: ‘PerformanceAnalytics’
Flavor: r-release-macos-x86_64