Last updated on 2024-04-23 06:56:54 CEST.
Flavor | Version | Tinstall | Tcheck | Ttotal | Status | Flags |
---|---|---|---|---|---|---|
r-devel-linux-x86_64-debian-clang | 0.2.0 | 35.49 | 261.52 | 297.01 | NOTE | |
r-devel-linux-x86_64-debian-gcc | 0.2.0 | 30.50 | 188.75 | 219.25 | NOTE | |
r-devel-linux-x86_64-fedora-clang | 0.2.0 | 377.53 | NOTE | |||
r-devel-linux-x86_64-fedora-gcc | 0.2.0 | 356.64 | NOTE | |||
r-prerel-macos-arm64 | 0.2.0 | 80.00 | NOTE | |||
r-prerel-windows-x86_64 | 0.2.0 | 23.00 | 177.00 | 200.00 | NOTE | |
r-patched-linux-x86_64 | 0.2.0 | 25.31 | 247.28 | 272.59 | NOTE | |
r-release-linux-x86_64 | 0.2.0 | 30.54 | 249.77 | 280.31 | NOTE | |
r-release-macos-arm64 | 0.2.0 | 94.00 | NOTE | |||
r-release-macos-x86_64 | 0.2.0 | 148.00 | NOTE | |||
r-release-windows-x86_64 | 0.2.0 | 30.00 | 227.00 | 257.00 | NOTE | |
r-oldrel-macos-arm64 | 0.2.0 | 83.00 | NOTE | |||
r-oldrel-windows-x86_64 | 0.2.0 | 31.00 | 239.00 | 270.00 | NOTE |
Version: 0.2.0
Check: Rd files
Result: NOTE
checkRd: (-1) aic.Rd:25: Escaped LaTeX specials: \&
checkRd: (-1) aic.Rd:29: Escaped LaTeX specials: \&
checkRd: (-1) ictab.Rd:56: Escaped LaTeX specials: \&
checkRd: (-1) ictab.Rd:60: Escaped LaTeX specials: \&
checkRd: (-1) ictab.Rd:64: Escaped LaTeX specials: \&
Flavors: r-devel-linux-x86_64-debian-clang, r-devel-linux-x86_64-debian-gcc, r-devel-linux-x86_64-fedora-clang, r-devel-linux-x86_64-fedora-gcc, r-prerel-macos-arm64, r-prerel-windows-x86_64, r-patched-linux-x86_64, r-release-linux-x86_64, r-release-macos-arm64, r-release-macos-x86_64, r-release-windows-x86_64
Version: 0.2.0
Check: LazyData
Result: NOTE
'LazyData' is specified without a 'data' directory
Flavors: r-devel-linux-x86_64-debian-clang, r-devel-linux-x86_64-debian-gcc, r-devel-linux-x86_64-fedora-clang, r-devel-linux-x86_64-fedora-gcc, r-prerel-macos-arm64, r-prerel-windows-x86_64, r-patched-linux-x86_64, r-release-linux-x86_64, r-release-macos-arm64, r-release-macos-x86_64, r-release-windows-x86_64, r-oldrel-macos-arm64, r-oldrel-windows-x86_64