Last updated on 2024-04-18 18:57:34 CEST.
Flavor | Version | Tinstall | Tcheck | Ttotal | Status | Flags |
---|---|---|---|---|---|---|
r-devel-linux-x86_64-debian-clang | 2.4-2 | 7.97 | 84.20 | 92.17 | OK | |
r-devel-linux-x86_64-debian-gcc | 2.4-2 | 4.50 | 65.21 | 69.71 | OK | |
r-devel-linux-x86_64-fedora-clang | 2.4-2 | 120.30 | NOTE | |||
r-devel-linux-x86_64-fedora-gcc | 2.4-2 | 130.13 | NOTE | |||
r-prerel-macos-arm64 | 2.4-2 | 40.00 | OK | |||
r-prerel-windows-x86_64 | 2.4-2 | 8.00 | 136.00 | 144.00 | OK | |
r-patched-linux-x86_64 | 2.4-2 | 6.56 | 81.35 | 87.91 | OK | |
r-release-linux-x86_64 | 2.4-2 | 7.09 | 81.41 | 88.50 | OK | |
r-release-macos-arm64 | 2.4-2 | 43.00 | OK | |||
r-release-macos-x86_64 | 2.4-2 | 61.00 | OK | |||
r-release-windows-x86_64 | 2.4-2 | 10.00 | 129.00 | 139.00 | OK | |
r-oldrel-macos-arm64 | 2.4-2 | 37.00 | NOTE | |||
r-oldrel-windows-x86_64 | 2.4-2 | 9.00 | 137.00 | 146.00 | OK |
Version: 2.4-2
Check: dependencies in R code
Result: NOTE
Namespace in Imports field not imported from: ‘tibble’
All declared Imports should be used.
Flavors: r-devel-linux-x86_64-fedora-clang, r-devel-linux-x86_64-fedora-gcc, r-oldrel-macos-arm64