Last updated on 2024-05-02 18:48:10 CEST.
Flavor | Version | Tinstall | Tcheck | Ttotal | Status | Flags |
---|---|---|---|---|---|---|
r-devel-linux-x86_64-debian-clang | 3.2 | 6.24 | 42.95 | 49.19 | NOTE | |
r-devel-linux-x86_64-debian-gcc | 3.2 | 3.85 | 30.78 | 34.63 | NOTE | |
r-devel-linux-x86_64-fedora-clang | 3.2 | 61.31 | NOTE | |||
r-devel-linux-x86_64-fedora-gcc | 3.2 | 58.09 | NOTE | |||
r-devel-windows-x86_64 | 3.2 | 6.00 | 50.00 | 56.00 | NOTE | |
r-patched-linux-x86_64 | 3.2 | 5.38 | 40.59 | 45.97 | NOTE | |
r-release-linux-x86_64 | 3.2 | 4.24 | 39.37 | 43.61 | NOTE | |
r-release-macos-arm64 | 3.2 | 19.00 | NOTE | |||
r-release-windows-x86_64 | 3.2 | 6.00 | 49.00 | 55.00 | NOTE | |
r-oldrel-macos-arm64 | 3.2 | 22.00 | NOTE | |||
r-oldrel-macos-x86_64 | 3.2 | 30.00 | NOTE | |||
r-oldrel-windows-x86_64 | 3.2 | 9.00 | 54.00 | 63.00 | NOTE |
Version: 3.2
Check: package dependencies
Result: NOTE
Package suggested but not available for checking: ‘ExactData’
Flavors: r-devel-linux-x86_64-debian-clang, r-devel-linux-x86_64-debian-gcc, r-devel-linux-x86_64-fedora-clang, r-devel-linux-x86_64-fedora-gcc, r-devel-windows-x86_64, r-patched-linux-x86_64, r-release-linux-x86_64, r-release-macos-arm64, r-release-windows-x86_64, r-oldrel-macos-arm64, r-oldrel-macos-x86_64, r-oldrel-windows-x86_64