Last updated on 2024-05-07 18:49:46 CEST.
Flavor | Version | Tinstall | Tcheck | Ttotal | Status | Flags |
---|---|---|---|---|---|---|
r-devel-linux-x86_64-debian-clang | 0.2.0 | 78.18 | 419.77 | 497.95 | OK | |
r-devel-linux-x86_64-debian-gcc | 0.2.0 | 60.33 | 388.26 | 448.59 | OK | |
r-devel-linux-x86_64-fedora-clang | 0.2.0 | 801.94 | OK | |||
r-devel-linux-x86_64-fedora-gcc | 0.2.0 | 711.71 | OK | |||
r-devel-windows-x86_64 | 0.2.0 | 56.00 | 361.00 | 417.00 | OK | |
r-patched-linux-x86_64 | 0.2.0 | 56.42 | 474.64 | 531.06 | OK | |
r-release-linux-x86_64 | 0.2.0 | 51.68 | 489.66 | 541.34 | OK | |
r-release-macos-arm64 | 0.2.0 | 200.00 | NOTE | |||
r-release-macos-x86_64 | 0.2.0 | 438.00 | NOTE | |||
r-release-windows-x86_64 | 0.2.0 | 52.00 | 347.00 | 399.00 | OK | |
r-oldrel-macos-arm64 | 0.2.0 | 186.00 | NOTE | |||
r-oldrel-macos-x86_64 | 0.2.0 | 546.00 | NOTE | |||
r-oldrel-windows-x86_64 | 0.2.0 | 70.00 | 442.00 | 512.00 | OK |
Version: 0.2.0
Check: installed package size
Result: NOTE
installed size is 5.2Mb
sub-directories of 1Mb or more:
libs 4.2Mb
Flavors: r-release-macos-arm64, r-release-macos-x86_64, r-oldrel-macos-arm64, r-oldrel-macos-x86_64