Last updated on 2024-04-18 06:57:41 CEST.
Flavor | Version | Tinstall | Tcheck | Ttotal | Status | Flags |
---|---|---|---|---|---|---|
r-devel-linux-x86_64-debian-clang | 0.3.11 | 117.51 | 72.53 | 190.04 | NOTE | |
r-devel-linux-x86_64-debian-gcc | 0.3.11 | 96.60 | 53.87 | 150.47 | NOTE | |
r-devel-linux-x86_64-fedora-clang | 0.3.11 | 262.69 | NOTE | |||
r-devel-linux-x86_64-fedora-gcc | 0.3.11 | 313.08 | NOTE | |||
r-prerel-macos-arm64 | 0.3.11 | 72.00 | NOTE | |||
r-prerel-windows-x86_64 | 0.3.11 | 89.00 | 104.00 | 193.00 | NOTE | |
r-patched-linux-x86_64 | 0.3.11 | 109.49 | 68.43 | 177.92 | NOTE | |
r-release-linux-x86_64 | 0.3.11 | 91.53 | 68.72 | 160.25 | OK | |
r-release-macos-arm64 | 0.3.11 | 77.00 | NOTE | |||
r-release-macos-x86_64 | 0.3.11 | 115.00 | NOTE | |||
r-release-windows-x86_64 | 0.3.11 | 112.00 | 119.00 | 231.00 | OK | |
r-oldrel-macos-arm64 | 0.3.11 | 74.00 | NOTE | |||
r-oldrel-windows-x86_64 | 0.3.11 | 103.00 | 111.00 | 214.00 | OK |
Version: 0.3.11
Check: Rd files
Result: NOTE
checkRd: (-1) dot-information_gain.Rd:43: Lost braces in \itemize; meant \describe ?
checkRd: (-1) dot-information_gain.Rd:44: Lost braces in \itemize; meant \describe ?
checkRd: (-1) information_gain.Rd:44: Lost braces in \itemize; \value handles \item{}{} directly
checkRd: (-1) information_gain.Rd:45: Lost braces in \itemize; \value handles \item{}{} directly
Flavors: r-devel-linux-x86_64-debian-clang, r-devel-linux-x86_64-debian-gcc, r-devel-linux-x86_64-fedora-clang, r-devel-linux-x86_64-fedora-gcc, r-prerel-macos-arm64, r-prerel-windows-x86_64, r-patched-linux-x86_64
Version: 0.3.11
Check: package dependencies
Result: NOTE
Package suggested but not available for checking: ‘RTCGA.rnaseq’
Flavors: r-prerel-macos-arm64, r-release-macos-arm64, r-release-macos-x86_64, r-oldrel-macos-arm64
Version: 0.3.11
Check: installed package size
Result: NOTE
installed size is 9.9Mb
sub-directories of 1Mb or more:
libs 9.5Mb
Flavors: r-prerel-macos-arm64, r-release-macos-arm64, r-release-macos-x86_64, r-oldrel-macos-arm64