Last updated on 2024-03-28 17:49:27 CET.
Flavor | Version | Tinstall | Tcheck | Ttotal | Status | Flags |
---|---|---|---|---|---|---|
r-devel-linux-x86_64-debian-clang | 2.2.0 | 50.46 | 45.06 | 95.52 | NOTE | |
r-devel-linux-x86_64-debian-gcc | 2.2.0 | 41.59 | 30.81 | 72.40 | NOTE | |
r-devel-linux-x86_64-fedora-clang | 2.2.0 | 124.99 | NOTE | |||
r-devel-linux-x86_64-fedora-gcc | 2.2.0 | 142.44 | NOTE | |||
r-devel-windows-x86_64 | 2.2.0 | 38.00 | 77.00 | 115.00 | NOTE | |
r-patched-linux-x86_64 | 2.2.0 | 52.61 | 53.51 | 106.12 | NOTE | |
r-release-linux-x86_64 | 2.2.0 | 55.50 | 54.86 | 110.36 | NOTE | |
r-release-macos-arm64 | 2.2.0 | 41.00 | NOTE | |||
r-release-macos-x86_64 | 2.2.0 | 59.00 | NOTE | |||
r-release-windows-x86_64 | 2.2.0 | 46.00 | 87.00 | 133.00 | NOTE | |
r-oldrel-macos-arm64 | 2.2.0 | 36.00 | OK | |||
r-oldrel-windows-x86_64 | 2.2.0 | 45.00 | 82.00 | 127.00 | OK |
Version: 2.2.0
Check: C++ specification
Result: NOTE
Specified C++11: please drop specification unless essential
Flavors: r-devel-linux-x86_64-debian-clang, r-devel-linux-x86_64-debian-gcc, r-devel-linux-x86_64-fedora-clang, r-devel-linux-x86_64-fedora-gcc, r-devel-windows-x86_64, r-patched-linux-x86_64, r-release-linux-x86_64, r-release-macos-arm64, r-release-macos-x86_64, r-release-windows-x86_64