Last updated on 2024-05-07 06:55:51 CEST.
Flavor | Version | Tinstall | Tcheck | Ttotal | Status | Flags |
---|---|---|---|---|---|---|
r-devel-linux-x86_64-debian-clang | 3.1.0 | 11.97 | 98.44 | 110.41 | NOTE | |
r-devel-linux-x86_64-debian-gcc | 3.1.0 | 8.24 | 70.89 | 79.13 | NOTE | |
r-devel-linux-x86_64-fedora-clang | 3.1.0 | 143.65 | NOTE | |||
r-devel-linux-x86_64-fedora-gcc | 3.1.0 | 127.35 | NOTE | |||
r-devel-windows-x86_64 | 3.1.0 | 10.00 | 83.00 | 93.00 | NOTE | |
r-patched-linux-x86_64 | 3.1.0 | 10.06 | 93.13 | 103.19 | NOTE | |
r-release-linux-x86_64 | 3.1.0 | 8.65 | 90.13 | 98.78 | NOTE | |
r-release-macos-arm64 | 3.1.0 | 38.00 | NOTE | |||
r-release-windows-x86_64 | 3.1.0 | 11.00 | 82.00 | 93.00 | NOTE | |
r-oldrel-macos-arm64 | 3.1.0 | 42.00 | NOTE | |||
r-oldrel-macos-x86_64 | 3.1.0 | 66.00 | NOTE | |||
r-oldrel-windows-x86_64 | 3.1.0 | 14.00 | 98.00 | 112.00 | NOTE |
Version: 3.1.0
Check: LazyData
Result: NOTE
'LazyData' is specified without a 'data' directory
Flavors: r-devel-linux-x86_64-debian-clang, r-devel-linux-x86_64-debian-gcc, r-devel-linux-x86_64-fedora-clang, r-devel-linux-x86_64-fedora-gcc, r-devel-windows-x86_64, r-patched-linux-x86_64, r-release-linux-x86_64, r-release-macos-arm64, r-release-windows-x86_64, r-oldrel-macos-arm64, r-oldrel-macos-x86_64, r-oldrel-windows-x86_64