Last updated on 2024-05-07 18:49:46 CEST.
Flavor | Version | Tinstall | Tcheck | Ttotal | Status | Flags |
---|---|---|---|---|---|---|
r-devel-linux-x86_64-debian-clang | 0.2.2 | 44.85 | 72.82 | 117.67 | OK | |
r-devel-linux-x86_64-debian-gcc | 0.2.2 | 32.48 | 52.28 | 84.76 | OK | |
r-devel-linux-x86_64-fedora-clang | 0.2.2 | 162.09 | NOTE | |||
r-devel-linux-x86_64-fedora-gcc | 0.2.2 | 165.70 | NOTE | |||
r-devel-windows-x86_64 | 0.2.2 | 38.00 | 88.00 | 126.00 | OK | |
r-patched-linux-x86_64 | 0.2.2 | 42.22 | 64.93 | 107.15 | OK | |
r-release-linux-x86_64 | 0.2.2 | 43.15 | 67.64 | 110.79 | OK | |
r-release-macos-arm64 | 0.2.2 | 40.00 | OK | |||
r-release-windows-x86_64 | 0.2.2 | 37.00 | 87.00 | 124.00 | OK | |
r-oldrel-macos-arm64 | 0.2.2 | 48.00 | OK | |||
r-oldrel-macos-x86_64 | 0.2.2 | 81.00 | OK | |||
r-oldrel-windows-x86_64 | 0.2.2 | 45.00 | 105.00 | 150.00 | OK |
Version: 0.2.2
Check: dependencies in R code
Result: NOTE
Namespaces in Imports field not imported from:
‘kableExtra’ ‘knitr’ ‘rmarkdown’
All declared Imports should be used.
Flavors: r-devel-linux-x86_64-fedora-clang, r-devel-linux-x86_64-fedora-gcc