Last updated on 2024-03-28 06:01:25 CET.
Flavor | Version | Tinstall | Tcheck | Ttotal | Status | Flags |
---|---|---|---|---|---|---|
r-devel-linux-x86_64-debian-clang | 2.3.2 | 7.95 | 80.00 | 87.95 | NOTE | |
r-devel-linux-x86_64-debian-gcc | 2.3.2 | 7.15 | 58.62 | 65.77 | NOTE | |
r-devel-linux-x86_64-fedora-clang | 2.3.2 | 108.15 | NOTE | |||
r-devel-linux-x86_64-fedora-gcc | 2.3.2 | 106.54 | NOTE | |||
r-devel-windows-x86_64 | 2.3.2 | 11.00 | 82.00 | 93.00 | NOTE | |
r-patched-linux-x86_64 | 2.3.2 | 10.80 | 76.98 | 87.78 | OK | |
r-release-linux-x86_64 | 2.3.2 | 9.45 | 76.83 | 86.28 | OK | |
r-release-macos-arm64 | 2.3.2 | 31.00 | OK | |||
r-release-macos-x86_64 | 2.3.2 | 52.00 | OK | |||
r-release-windows-x86_64 | 2.3.2 | 12.00 | 96.00 | 108.00 | OK | |
r-oldrel-macos-arm64 | 2.3.2 | 28.00 | OK | |||
r-oldrel-windows-x86_64 | 2.3.2 | 13.00 | 94.00 | 107.00 | OK |
Version: 2.3.2
Check: Rd files
Result: NOTE
checkRd: (-1) genmf.Rd:26: Lost braces; missing escapes or markup?
26 | \item 'gbellmf' is c(\code{a, b, c}), where \code{a} denotes the width, \code{b} is usually positive and {c} locates the center of the curve.
| ^
Flavors: r-devel-linux-x86_64-debian-clang, r-devel-linux-x86_64-debian-gcc, r-devel-linux-x86_64-fedora-clang, r-devel-linux-x86_64-fedora-gcc, r-devel-windows-x86_64