Last updated on 2024-04-18 06:57:41 CEST.
Flavor | Version | Tinstall | Tcheck | Ttotal | Status | Flags |
---|---|---|---|---|---|---|
r-devel-linux-x86_64-debian-clang | 0.3.4 | 520.54 | 90.73 | 611.27 | OK | |
r-devel-linux-x86_64-debian-gcc | 0.3.4 | 372.37 | 63.98 | 436.35 | OK | |
r-devel-linux-x86_64-fedora-clang | 0.3.4 | 908.89 | OK | |||
r-devel-linux-x86_64-fedora-gcc | 0.3.4 | 860.41 | OK | |||
r-prerel-macos-arm64 | 0.3.4 | 129.00 | NOTE | |||
r-prerel-windows-x86_64 | 0.3.4 | 365.00 | 110.00 | 475.00 | OK | |
r-patched-linux-x86_64 | 0.3.4 | 449.00 | 84.49 | 533.49 | OK | |
r-release-linux-x86_64 | 0.3.4 | 473.82 | 88.20 | 562.02 | OK | |
r-release-macos-arm64 | 0.3.4 | 167.00 | NOTE | |||
r-release-macos-x86_64 | 0.3.4 | 311.00 | NOTE | |||
r-release-windows-x86_64 | 0.3.4 | 460.00 | 137.00 | 597.00 | OK | |
r-oldrel-macos-arm64 | 0.3.4 | 163.00 | NOTE | |||
r-oldrel-windows-x86_64 | 0.3.4 | 457.00 | 132.00 | 589.00 | OK |
Version: 0.3.4
Check: installed package size
Result: NOTE
installed size is 11.6Mb
sub-directories of 1Mb or more:
data 1.4Mb
libs 9.6Mb
Flavors: r-prerel-macos-arm64, r-release-macos-arm64, r-release-macos-x86_64, r-oldrel-macos-arm64