Last updated on 2024-03-28 17:49:29 CET.
Flavor | Version | Tinstall | Tcheck | Ttotal | Status | Flags |
---|---|---|---|---|---|---|
r-devel-linux-x86_64-debian-clang | 1.5.5 | 5.95 | 50.01 | 55.96 | OK | |
r-devel-linux-x86_64-debian-gcc | 1.5.5 | 3.68 | 39.13 | 42.81 | OK | |
r-devel-linux-x86_64-fedora-clang | 1.5.5 | 71.51 | NOTE | |||
r-devel-linux-x86_64-fedora-gcc | 1.5.5 | 81.96 | OK | |||
r-devel-windows-x86_64 | 1.5.5 | 6.00 | 64.00 | 70.00 | OK | |
r-patched-linux-x86_64 | 1.5.5 | 8.07 | 48.59 | 56.66 | OK | |
r-release-linux-x86_64 | 1.5.5 | 6.18 | 47.17 | 53.35 | OK | |
r-release-macos-arm64 | 1.5.5 | 42.00 | OK | |||
r-release-macos-x86_64 | 1.5.5 | 78.00 | OK | |||
r-release-windows-x86_64 | 1.5.5 | 8.00 | 69.00 | 77.00 | OK | |
r-oldrel-macos-arm64 | 1.5.5 | 37.00 | OK | |||
r-oldrel-windows-x86_64 | 1.5.5 | 8.00 | 69.00 | 77.00 | OK |
Version: 1.5.5
Check: Rd cross-references
Result: NOTE
Undeclared package ‘mmap’ in Rd xrefs
Flavor: r-devel-linux-x86_64-fedora-clang