Last updated on 2024-03-28 17:49:29 CET.
Flavor | Version | Tinstall | Tcheck | Ttotal | Status | Flags |
---|---|---|---|---|---|---|
r-devel-linux-x86_64-debian-clang | 3.0.0 | 21.31 | 160.82 | 182.13 | OK | |
r-devel-linux-x86_64-debian-gcc | 3.0.0 | 19.43 | 118.60 | 138.03 | OK | |
r-devel-linux-x86_64-fedora-clang | 3.0.0 | 227.62 | NOTE | |||
r-devel-linux-x86_64-fedora-gcc | 3.0.0 | 230.39 | NOTE | |||
r-devel-windows-x86_64 | 3.0.0 | 18.00 | 130.00 | 148.00 | OK | |
r-patched-linux-x86_64 | 3.0.0 | 31.32 | 159.32 | 190.64 | OK | |
r-release-linux-x86_64 | 3.0.0 | 25.89 | 153.19 | 179.08 | OK | |
r-release-macos-arm64 | 3.0.0 | 68.00 | OK | |||
r-release-macos-x86_64 | 3.0.0 | 113.00 | OK | |||
r-release-windows-x86_64 | 3.0.0 | 25.00 | 164.00 | 189.00 | OK | |
r-oldrel-macos-arm64 | 3.0.0 | 57.00 | NOTE | |||
r-oldrel-windows-x86_64 | 3.0.0 | 26.00 | 159.00 | 185.00 | OK |
Version: 3.0.0
Check: dependencies in R code
Result: NOTE
Namespace in Imports field not imported from: ‘class’
All declared Imports should be used.
Flavors: r-devel-linux-x86_64-fedora-clang, r-devel-linux-x86_64-fedora-gcc, r-oldrel-macos-arm64