Last updated on 2024-05-02 18:48:12 CEST.
Flavor | Version | Tinstall | Tcheck | Ttotal | Status | Flags |
---|---|---|---|---|---|---|
r-devel-linux-x86_64-debian-clang | 1.8 | 14.14 | 116.53 | 130.67 | OK | |
r-devel-linux-x86_64-debian-gcc | 1.8 | 11.02 | 84.86 | 95.88 | OK | |
r-devel-linux-x86_64-fedora-clang | 1.8 | 161.77 | NOTE | |||
r-devel-linux-x86_64-fedora-gcc | 1.8 | 153.44 | OK | |||
r-devel-windows-x86_64 | 1.8 | 12.00 | 98.00 | 110.00 | OK | |
r-patched-linux-x86_64 | 1.8 | 13.60 | 110.27 | 123.87 | OK | |
r-release-linux-x86_64 | 1.8 | 10.24 | 110.82 | 121.06 | OK | |
r-release-macos-arm64 | 1.8 | 44.00 | OK | |||
r-release-windows-x86_64 | 1.8 | 13.00 | 98.00 | 111.00 | OK | |
r-oldrel-macos-arm64 | 1.8 | 48.00 | OK | |||
r-oldrel-macos-x86_64 | 1.8 | 82.00 | NOTE | |||
r-oldrel-windows-x86_64 | 1.8 | 17.00 | 119.00 | 136.00 | OK |
Version: 1.8
Check: Rd cross-references
Result: NOTE
Undeclared package ‘caret’ in Rd xrefs
Flavor: r-devel-linux-x86_64-fedora-clang
Version: 1.8
Check: Rd cross-references
Result: NOTE
Package unavailable to check Rd xrefs: ‘caret’
Flavor: r-oldrel-macos-x86_64