Last updated on 2024-04-18 06:57:42 CEST.
Flavor | Version | Tinstall | Tcheck | Ttotal | Status | Flags |
---|---|---|---|---|---|---|
r-devel-linux-x86_64-debian-clang | 1.2.0 | 51.38 | 97.12 | 148.50 | NOTE | |
r-devel-linux-x86_64-debian-gcc | 1.2.0 | 41.70 | 73.35 | 115.05 | NOTE | |
r-devel-linux-x86_64-fedora-clang | 1.2.0 | 209.13 | NOTE | |||
r-devel-linux-x86_64-fedora-gcc | 1.2.0 | 198.08 | NOTE | |||
r-prerel-macos-arm64 | 1.2.0 | 48.00 | NOTE | |||
r-prerel-windows-x86_64 | 1.2.0 | 48.00 | 110.00 | 158.00 | NOTE | |
r-patched-linux-x86_64 | 1.2.0 | 54.05 | 93.53 | 147.58 | NOTE | |
r-release-linux-x86_64 | 1.2.0 | 51.55 | 95.23 | 146.78 | OK | |
r-release-macos-arm64 | 1.2.0 | 64.00 | OK | |||
r-release-macos-x86_64 | 1.2.0 | 92.00 | OK | |||
r-release-windows-x86_64 | 1.2.0 | 56.00 | 136.00 | 192.00 | OK | |
r-oldrel-macos-arm64 | 1.2.0 | 48.00 | OK | |||
r-oldrel-windows-x86_64 | 1.2.0 | 57.00 | 122.00 | 179.00 | OK |
Version: 1.2.0
Check: Rd files
Result: NOTE
checkRd: (-1) solve_game.Rd:86: Lost braces in \itemize; \value handles \item{}{} directly
checkRd: (-1) solve_game.Rd:87: Lost braces in \itemize; \value handles \item{}{} directly
checkRd: (-1) solve_game.Rd:88: Lost braces in \itemize; \value handles \item{}{} directly
checkRd: (-1) solve_game.Rd:89: Lost braces in \itemize; \value handles \item{}{} directly
checkRd: (-1) solve_game.Rd:90: Lost braces in \itemize; \value handles \item{}{} directly
Flavors: r-devel-linux-x86_64-debian-clang, r-devel-linux-x86_64-debian-gcc, r-devel-linux-x86_64-fedora-clang, r-devel-linux-x86_64-fedora-gcc, r-prerel-macos-arm64, r-prerel-windows-x86_64, r-patched-linux-x86_64