Last updated on 2024-03-28 06:01:26 CET.
Flavor | Version | Tinstall | Tcheck | Ttotal | Status | Flags |
---|---|---|---|---|---|---|
r-devel-linux-x86_64-debian-clang | 2.2 | 42.47 | 125.60 | 168.07 | NOTE | |
r-devel-linux-x86_64-debian-gcc | 2.2 | 32.19 | 93.99 | 126.18 | NOTE | |
r-devel-linux-x86_64-fedora-clang | 2.2 | 250.71 | NOTE | |||
r-devel-linux-x86_64-fedora-gcc | 2.2 | 213.03 | NOTE | |||
r-devel-windows-x86_64 | 2.2 | 35.00 | 117.00 | 152.00 | NOTE | |
r-patched-linux-x86_64 | 2.2 | 38.29 | 121.35 | 159.64 | NOTE | |
r-release-linux-x86_64 | 2.2 | 29.34 | 121.81 | 151.15 | NOTE | |
r-release-macos-arm64 | 2.2 | 55.00 | NOTE | |||
r-release-macos-x86_64 | 2.2 | 90.00 | NOTE | |||
r-release-windows-x86_64 | 2.2 | 42.00 | 150.00 | 192.00 | NOTE | |
r-oldrel-macos-arm64 | 2.2 | 43.00 | OK | |||
r-oldrel-windows-x86_64 | 2.2 | 44.00 | 138.00 | 182.00 | NOTE |
Version: 2.2
Check: C++ specification
Result: NOTE
Specified C++11: please drop specification unless essential
Flavors: r-devel-linux-x86_64-debian-clang, r-devel-linux-x86_64-debian-gcc, r-devel-linux-x86_64-fedora-clang, r-devel-linux-x86_64-fedora-gcc, r-devel-windows-x86_64, r-patched-linux-x86_64, r-release-linux-x86_64, r-release-macos-arm64, r-release-macos-x86_64, r-release-windows-x86_64
Version: 2.2
Check: HTML version of manual
Result: NOTE
Found the following HTML validation problems:
GWASinlps.html:187:1 (GWASinlps.Rd:99): Warning: trimming empty <h4>
Flavors: r-devel-linux-x86_64-debian-clang, r-devel-linux-x86_64-debian-gcc, r-devel-linux-x86_64-fedora-clang, r-devel-linux-x86_64-fedora-gcc, r-devel-windows-x86_64
Version: 2.2
Check: HTML version of manual
Result: NOTE
Found the following problems:
GWASinlps.Rd:187:1: Warning: trimming empty <h4>
Flavor: r-oldrel-windows-x86_64