Last updated on 2024-03-28 17:49:29 CET.
Flavor | Version | Tinstall | Tcheck | Ttotal | Status | Flags |
---|---|---|---|---|---|---|
r-devel-linux-x86_64-debian-clang | 2.2.0 | 2.89 | 44.39 | 47.28 | OK | |
r-devel-linux-x86_64-debian-gcc | 2.2.0 | 2.44 | 33.49 | 35.93 | OK | |
r-devel-linux-x86_64-fedora-clang | 2.2.0 | 61.29 | NOTE | |||
r-devel-linux-x86_64-fedora-gcc | 2.2.0 | 70.93 | NOTE | |||
r-devel-windows-x86_64 | 2.2.0 | 3.00 | 68.00 | 71.00 | OK | |
r-patched-linux-x86_64 | 2.2.0 | 2.59 | 43.03 | 45.62 | OK | |
r-release-linux-x86_64 | 2.2.0 | 3.10 | 42.35 | 45.45 | OK | |
r-release-macos-arm64 | 2.2.0 | 31.00 | OK | |||
r-release-macos-x86_64 | 2.2.0 | 38.00 | OK | |||
r-release-windows-x86_64 | 2.2.0 | 5.00 | 68.00 | 73.00 | OK | |
r-oldrel-macos-arm64 | 2.2.0 | 28.00 | OK | |||
r-oldrel-windows-x86_64 | 2.2.0 | 5.00 | 76.00 | 81.00 | OK |
Version: 2.2.0
Check: data for non-ASCII characters
Result: NOTE
Note: found 17 marked UTF-8 strings
Flavors: r-devel-linux-x86_64-fedora-clang, r-devel-linux-x86_64-fedora-gcc