Last updated on 2024-03-28 17:49:30 CET.
Flavor | Version | Tinstall | Tcheck | Ttotal | Status | Flags |
---|---|---|---|---|---|---|
r-devel-linux-x86_64-debian-clang | 6.1 | 24.27 | 158.55 | 182.82 | OK | |
r-devel-linux-x86_64-debian-gcc | 6.1 | 18.22 | 115.19 | 133.41 | OK | |
r-devel-linux-x86_64-fedora-clang | 6.1 | 234.25 | NOTE | |||
r-devel-linux-x86_64-fedora-gcc | 6.1 | 210.90 | OK | |||
r-devel-windows-x86_64 | 6.1 | 23.00 | 144.00 | 167.00 | OK | |
r-patched-linux-x86_64 | 6.1 | 25.48 | 152.91 | 178.39 | OK | |
r-release-linux-x86_64 | 6.1 | 26.80 | 150.77 | 177.57 | OK | |
r-release-macos-arm64 | 6.1 | 91.00 | OK | |||
r-release-macos-x86_64 | 6.1 | 138.00 | OK | |||
r-release-windows-x86_64 | 6.1 | 28.00 | 183.00 | 211.00 | OK | |
r-oldrel-macos-arm64 | 6.1 | 84.00 | OK | |||
r-oldrel-windows-x86_64 | 6.1 | 28.00 | 164.00 | 192.00 | OK |
Version: 6.1
Check: Rd cross-references
Result: NOTE
Undeclared package ‘sp’ in Rd xrefs
Flavor: r-devel-linux-x86_64-fedora-clang