Last updated on 2024-04-19 19:50:16 CEST.
Flavor | Version | Tinstall | Tcheck | Ttotal | Status | Flags |
---|---|---|---|---|---|---|
r-devel-linux-x86_64-debian-clang | 0.10-2 | 9.01 | 65.22 | 74.23 | NOTE | |
r-devel-linux-x86_64-debian-gcc | 0.10-2 | NOTE | ||||
r-devel-linux-x86_64-fedora-clang | 0.10-2 | 93.09 | NOTE | |||
r-devel-linux-x86_64-fedora-gcc | 0.10-2 | 99.65 | NOTE | |||
r-prerel-macos-arm64 | 0.10-2 | 38.00 | NOTE | |||
r-prerel-windows-x86_64 | 0.10-2 | 7.00 | 106.00 | 113.00 | NOTE | |
r-patched-linux-x86_64 | 0.10-2 | 7.15 | 61.44 | 68.59 | NOTE | |
r-release-linux-x86_64 | 0.10-2 | 8.07 | 63.42 | 71.49 | OK | |
r-release-macos-arm64 | 0.10-2 | 39.00 | OK | |||
r-release-macos-x86_64 | 0.10-2 | 57.00 | OK | |||
r-release-windows-x86_64 | 0.10-2 | 9.00 | 101.00 | 110.00 | OK | |
r-oldrel-macos-arm64 | 0.10-2 | 34.00 | OK | |||
r-oldrel-windows-x86_64 | 0.10-2 | 10.00 | 105.00 | 115.00 | OK |
Version: 0.10-2
Check: Rd files
Result: NOTE
checkRd: (-1) setServerLogLevel.Rd:20: Lost braces in \enumerate; meant \describe ?
checkRd: (-1) setServerLogLevel.Rd:21: Lost braces in \enumerate; meant \describe ?
checkRd: (-1) setServerLogLevel.Rd:22: Lost braces in \enumerate; meant \describe ?
checkRd: (-1) setServerLogLevel.Rd:23: Lost braces in \enumerate; meant \describe ?
checkRd: (-1) setServerLogLevel.Rd:24: Lost braces in \enumerate; meant \describe ?
Flavors: r-devel-linux-x86_64-debian-clang, r-devel-linux-x86_64-debian-gcc, r-devel-linux-x86_64-fedora-clang, r-devel-linux-x86_64-fedora-gcc, r-prerel-macos-arm64, r-prerel-windows-x86_64, r-patched-linux-x86_64