Last updated on 2024-04-24 07:15:05 CEST.
Flavor | Version | Tinstall | Tcheck | Ttotal | Status | Flags |
---|---|---|---|---|---|---|
r-devel-linux-x86_64-debian-clang | 0.3-5 | 49.95 | 239.20 | 289.15 | OK | |
r-devel-linux-x86_64-debian-gcc | 0.3-5 | 37.38 | 168.87 | 206.25 | OK | |
r-devel-linux-x86_64-fedora-clang | 0.3-5 | 366.91 | OK | |||
r-devel-linux-x86_64-fedora-gcc | 0.3-5 | 347.19 | OK | |||
r-prerel-macos-arm64 | 0.3-5 | 89.00 | NOTE | |||
r-prerel-windows-x86_64 | 0.3-5 | 43.00 | 196.00 | 239.00 | OK | |
r-patched-linux-x86_64 | 0.3-5 | 57.98 | 222.73 | 280.71 | OK | |
r-release-linux-x86_64 | 0.3-5 | 50.19 | 222.70 | 272.89 | OK | |
r-release-macos-arm64 | 0.3-5 | 100.00 | NOTE | |||
r-release-macos-x86_64 | 0.3-5 | 171.00 | NOTE | |||
r-release-windows-x86_64 | 0.3-5 | 54.00 | 243.00 | 297.00 | OK | |
r-oldrel-macos-arm64 | 0.3-5 | 99.00 | NOTE | |||
r-oldrel-windows-x86_64 | 0.3-5 | 55.00 | 244.00 | 299.00 | OK |
Version: 0.3-5
Check: installed package size
Result: NOTE
installed size is 5.4Mb
sub-directories of 1Mb or more:
doc 2.5Mb
libs 2.6Mb
Flavors: r-prerel-macos-arm64, r-release-macos-arm64, r-release-macos-x86_64, r-oldrel-macos-arm64