Last updated on 2024-03-28 06:01:27 CET.
Flavor | Version | Tinstall | Tcheck | Ttotal | Status | Flags |
---|---|---|---|---|---|---|
r-devel-linux-x86_64-debian-clang | 1.0.0 | 7.21 | 347.69 | 354.90 | OK | |
r-devel-linux-x86_64-debian-gcc | 1.0.0 | 7.13 | 262.53 | 269.66 | OK | |
r-devel-linux-x86_64-fedora-clang | 1.0.0 | 430.48 | NOTE | |||
r-devel-linux-x86_64-fedora-gcc | 1.0.0 | 461.44 | NOTE | |||
r-devel-windows-x86_64 | 1.0.0 | 8.00 | 370.00 | 378.00 | OK | |
r-patched-linux-x86_64 | 1.0.0 | 5.77 | 349.98 | 355.75 | OK | |
r-release-linux-x86_64 | 1.0.0 | 5.87 | 353.81 | 359.68 | OK | |
r-release-macos-arm64 | 1.0.0 | 187.00 | OK | |||
r-release-macos-x86_64 | 1.0.0 | 359.00 | OK | |||
r-release-windows-x86_64 | 1.0.0 | 11.00 | 370.00 | 381.00 | OK | |
r-oldrel-macos-arm64 | 1.0.0 | 149.00 | NOTE | |||
r-oldrel-windows-x86_64 | 1.0.0 | 11.00 | 373.00 | 384.00 | OK |
Version: 1.0.0
Check: dependencies in R code
Result: NOTE
Namespaces in Imports field not imported from:
‘lme4’ ‘reshape2’
All declared Imports should be used.
Flavors: r-devel-linux-x86_64-fedora-clang, r-devel-linux-x86_64-fedora-gcc, r-oldrel-macos-arm64